Last updated on 2025-01-20 08:48:23 CET.
Flavor | Version | Tinstall | Tcheck | Ttotal | Status | Flags |
---|---|---|---|---|---|---|
r-devel-linux-x86_64-debian-clang | 0.5.0 | 110.85 | 104.91 | 215.76 | OK | |
r-devel-linux-x86_64-debian-gcc | 0.5.0 | 87.01 | 72.27 | 159.28 | OK | |
r-devel-linux-x86_64-fedora-clang | 0.5.0 | 434.50 | OK | |||
r-devel-linux-x86_64-fedora-gcc | 0.5.0 | 446.53 | OK | |||
r-devel-windows-x86_64 | 0.5.0 | 124.00 | 138.00 | 262.00 | OK | |
r-patched-linux-x86_64 | 0.5.0 | 118.17 | 97.11 | 215.28 | NOTE | |
r-release-linux-x86_64 | 0.5.0 | 119.56 | 97.84 | 217.40 | NOTE | |
r-release-macos-arm64 | 0.5.0 | 67.00 | NOTE | |||
r-release-macos-x86_64 | 0.5.0 | 122.00 | NOTE | |||
r-release-windows-x86_64 | 0.5.0 | 127.00 | 132.00 | 259.00 | NOTE | |
r-oldrel-macos-arm64 | 0.5.0 | 97.00 | NOTE | |||
r-oldrel-macos-x86_64 | 0.5.0 | 134.00 | NOTE | |||
r-oldrel-windows-x86_64 | 0.5.0 | 147.00 | 169.00 | 316.00 | NOTE |
Version: 0.5.0
Check: package dependencies
Result: NOTE
Package suggested but not available for checking: ‘BOLTSSIRR’
Flavors: r-patched-linux-x86_64, r-release-linux-x86_64, r-release-macos-arm64, r-release-macos-x86_64, r-release-windows-x86_64, r-oldrel-macos-arm64, r-oldrel-macos-x86_64, r-oldrel-windows-x86_64
Version: 0.5.0
Check: installed package size
Result: NOTE
installed size is 10.8Mb
sub-directories of 1Mb or more:
libs 10.1Mb
Flavors: r-release-macos-arm64, r-release-macos-x86_64, r-oldrel-macos-arm64, r-oldrel-macos-x86_64