Last updated on 2024-08-31 08:48:10 CEST.
Flavor | Version | Tinstall | Tcheck | Ttotal | Status | Flags |
---|---|---|---|---|---|---|
r-devel-linux-x86_64-debian-clang | 2.0.0 | 5.82 | 75.12 | 80.94 | OK | |
r-devel-linux-x86_64-debian-gcc | 2.0.0 | 4.56 | 56.43 | 60.99 | OK | |
r-devel-linux-x86_64-fedora-clang | 2.0.0 | 132.29 | NOTE | |||
r-devel-linux-x86_64-fedora-gcc | 2.0.0 | 138.50 | NOTE | |||
r-devel-windows-x86_64 | 2.0.0 | 9.00 | 99.00 | 108.00 | OK | |
r-patched-linux-x86_64 | 2.0.0 | 6.32 | 71.95 | 78.27 | OK | |
r-release-linux-x86_64 | 2.0.0 | 6.10 | 71.98 | 78.08 | OK | |
r-release-macos-arm64 | 2.0.0 | 58.00 | OK | |||
r-release-macos-x86_64 | 2.0.0 | 82.00 | OK | |||
r-release-windows-x86_64 | 2.0.0 | 10.00 | 110.00 | 120.00 | OK | |
r-oldrel-macos-arm64 | 2.0.0 | 76.00 | OK | |||
r-oldrel-macos-x86_64 | 2.0.0 | 119.00 | OK | |||
r-oldrel-windows-x86_64 | 2.0.0 | 11.00 | 120.00 | 131.00 | OK |
Version: 2.0.0
Check: data for non-ASCII characters
Result: NOTE
Note: found 682 marked UTF-8 strings
Flavors: r-devel-linux-x86_64-fedora-clang, r-devel-linux-x86_64-fedora-gcc