Last updated on 2025-01-26 08:48:22 CET.
Flavor | Version | Tinstall | Tcheck | Ttotal | Status | Flags |
---|---|---|---|---|---|---|
r-devel-linux-x86_64-debian-clang | 0.6.5 | 4.70 | 37.22 | 41.92 | OK | |
r-devel-linux-x86_64-debian-gcc | 0.6.5 | 3.03 | 27.44 | 30.47 | OK | |
r-devel-linux-x86_64-fedora-clang | 0.6.5 | 66.33 | OK | |||
r-devel-linux-x86_64-fedora-gcc | 0.6.5 | 60.46 | OK | |||
r-devel-windows-x86_64 | 0.6.5 | 6.00 | 59.00 | 65.00 | OK | |
r-patched-linux-x86_64 | 0.6.5 | 4.54 | 34.25 | 38.79 | NOTE | |
r-release-linux-x86_64 | 0.6.5 | 3.66 | 34.57 | 38.23 | NOTE | |
r-release-macos-arm64 | 0.6.5 | 25.00 | NOTE | |||
r-release-macos-x86_64 | 0.6.5 | 33.00 | NOTE | |||
r-release-windows-x86_64 | 0.6.5 | 7.00 | 60.00 | 67.00 | NOTE | |
r-oldrel-macos-arm64 | 0.6.5 | 27.00 | NOTE | |||
r-oldrel-macos-x86_64 | 0.6.5 | 33.00 | NOTE | |||
r-oldrel-windows-x86_64 | 0.6.5 | 7.00 | 62.00 | 69.00 | NOTE |
Version: 0.6.5
Check: LazyData
Result: NOTE
'LazyData' is specified without a 'data' directory
Flavors: r-patched-linux-x86_64, r-release-linux-x86_64, r-release-macos-arm64, r-release-macos-x86_64, r-release-windows-x86_64, r-oldrel-macos-arm64, r-oldrel-macos-x86_64, r-oldrel-windows-x86_64