Last updated on 2023-02-08 07:54:27 CET.
Flavor | Version | Tinstall | Tcheck | Ttotal | Status | Flags |
---|---|---|---|---|---|---|
r-devel-linux-x86_64-debian-clang | 2.0.0 | 12.84 | 140.59 | 153.43 | NOTE | |
r-devel-linux-x86_64-debian-gcc | 2.0.0 | 9.00 | 102.87 | 111.87 | NOTE | |
r-devel-linux-x86_64-fedora-clang | 2.0.0 | 189.04 | NOTE | |||
r-devel-linux-x86_64-fedora-gcc | 2.0.0 | 190.41 | NOTE | |||
r-devel-windows-x86_64 | 2.0.0 | 54.00 | 183.00 | 237.00 | NOTE | |
r-patched-linux-x86_64 | 2.0.0 | 8.76 | 131.85 | 140.61 | OK | |
r-release-linux-x86_64 | 2.0.0 | 11.85 | 132.85 | 144.70 | OK | |
r-release-macos-arm64 | 2.0.0 | 51.00 | OK | |||
r-release-macos-x86_64 | 2.0.0 | 99.00 | OK | |||
r-release-windows-x86_64 | 2.0.0 | 57.00 | 192.00 | 249.00 | OK | |
r-oldrel-macos-arm64 | 2.0.0 | 67.00 | OK | |||
r-oldrel-macos-x86_64 | 2.0.0 | 75.00 | OK | |||
r-oldrel-windows-ix86+x86_64 | 2.0.0 | 27.00 | 168.00 | 195.00 | OK |
Version: 2.0.0
Check: Rd files
Result: NOTE
checkRd: (-1) confint.dr4pl.Rd:49: Escaped LaTeX specials: \&
checkRd: (-1) gof-dr4pl.Rd:40: Escaped LaTeX specials: \&
checkRd: (-1) vcov.dr4pl.Rd:61: Escaped LaTeX specials: \&
Flavors: r-devel-linux-x86_64-debian-clang, r-devel-linux-x86_64-debian-gcc, r-devel-linux-x86_64-fedora-clang, r-devel-linux-x86_64-fedora-gcc, r-devel-windows-x86_64