CRAN Package Check Results for Package dr4pl

Last updated on 2021-09-20 08:50:12 CEST.

Flavor Version Tinstall Tcheck Ttotal Status Flags
r-devel-linux-x86_64-debian-clang 2.0.0 10.68 125.33 136.01 OK
r-devel-linux-x86_64-debian-gcc 2.0.0 9.18 91.76 100.94 OK
r-devel-linux-x86_64-fedora-clang 2.0.0 169.67 OK
r-devel-linux-x86_64-fedora-gcc 2.0.0 154.63 OK
r-devel-windows-x86_64 2.0.0 10.00 125.00 135.00 OK
r-devel-windows-x86_64-gcc10-UCRT 2.0.0 ERROR
r-patched-linux-x86_64 2.0.0 10.12 118.58 128.70 OK
r-patched-solaris-x86 2.0.0 214.00 OK
r-release-linux-x86_64 2.0.0 10.51 116.27 126.78 OK
r-release-macos-arm64 2.0.0 OK
r-release-macos-x86_64 2.0.0 OK
r-release-windows-ix86+x86_64 2.0.0 25.00 126.00 151.00 OK
r-oldrel-macos-x86_64 2.0.0 OK
r-oldrel-windows-ix86+x86_64 2.0.0 25.00 159.00 184.00 OK

Check Details

Version: 2.0.0
Check: whether package can be installed
Result: WARN
    Found the following significant warnings:
     WARNING: installation-time patches will not be applied, could not get the patches index
Flavor: r-devel-windows-x86_64-gcc10-UCRT

Version: 2.0.0
Check: PDF version of manual
Result: WARN
    LaTeX errors when creating PDF version.
    This typically indicates Rd problems.
Flavor: r-devel-windows-x86_64-gcc10-UCRT

Version: 2.0.0
Check: PDF version of manual without hyperrefs or index
Result: ERROR
    Re-running with no redirection of stdout/stderr.
Flavor: r-devel-windows-x86_64-gcc10-UCRT