CRAN Package Check Results for Package drimmR

Last updated on 2023-02-05 07:57:18 CET.

Flavor Version Tinstall Tcheck Ttotal Status Flags
r-devel-linux-x86_64-debian-clang 1.0.1 15.75 124.25 140.00 NOTE
r-devel-linux-x86_64-debian-gcc 1.0.1 12.23 91.24 103.47 NOTE
r-devel-linux-x86_64-fedora-clang 1.0.1 165.52 NOTE
r-devel-linux-x86_64-fedora-gcc 1.0.1 159.49 NOTE
r-devel-windows-x86_64 1.0.1 26.00 279.00 305.00 NOTE
r-patched-linux-x86_64 1.0.1 11.71 118.00 129.71 OK
r-release-linux-x86_64 1.0.1 10.11 114.18 124.29 OK
r-release-macos-arm64 1.0.1 76.00 OK
r-release-macos-x86_64 1.0.1 122.00 OK
r-release-windows-x86_64 1.0.1 26.00 294.00 320.00 OK
r-oldrel-macos-arm64 1.0.1 84.00 OK
r-oldrel-macos-x86_64 1.0.1 150.00 OK
r-oldrel-windows-ix86+x86_64 1.0.1 33.00 287.00 320.00 OK

Check Details

Version: 1.0.1
Check: package subdirectories
Result: NOTE
    Problems with news in ‘NEWS.md’:
    No news entries found.
Flavors: r-devel-linux-x86_64-debian-clang, r-devel-linux-x86_64-debian-gcc, r-devel-linux-x86_64-fedora-clang, r-devel-linux-x86_64-fedora-gcc, r-devel-windows-x86_64