Last updated on 2024-08-31 08:48:10 CEST.
Flavor | Version | Tinstall | Tcheck | Ttotal | Status | Flags |
---|---|---|---|---|---|---|
r-devel-linux-x86_64-debian-clang | 2.3.3 | 11.23 | 90.31 | 101.54 | NOTE | |
r-devel-linux-x86_64-debian-gcc | 2.3.3 | 7.54 | 63.66 | 71.20 | NOTE | |
r-devel-linux-x86_64-fedora-clang | 2.3.3 | 165.22 | NOTE | |||
r-devel-linux-x86_64-fedora-gcc | 2.3.3 | 152.32 | NOTE | |||
r-devel-windows-x86_64 | 2.3.3 | 14.00 | 103.00 | 117.00 | NOTE | |
r-patched-linux-x86_64 | 2.3.3 | 16.42 | 83.74 | 100.16 | NOTE | |
r-release-linux-x86_64 | 2.3.3 | 8.12 | 82.97 | 91.09 | NOTE | |
r-release-macos-arm64 | 2.3.3 | 46.00 | NOTE | |||
r-release-macos-x86_64 | 2.3.3 | 69.00 | NOTE | |||
r-release-windows-x86_64 | 2.3.3 | 15.00 | 111.00 | 126.00 | NOTE | |
r-oldrel-macos-arm64 | 2.3.3 | 51.00 | OK | |||
r-oldrel-macos-x86_64 | 2.3.3 | 80.00 | OK | |||
r-oldrel-windows-x86_64 | 2.3.3 | 16.00 | 130.00 | 146.00 | OK |
Version: 2.3.3
Check: Rd files
Result: NOTE
checkRd: (-1) dsm_varprop.Rd:67: Lost braces
67 | parameter uncertainty. See Wood, Pya & S{\"a}fken (2016) for more
| ^
checkRd: (-1) dsm_varprop.Rd:100: Lost braces
100 | Wood, S.N., Pya, N. and S{\"a}fken, B. (2016) Smoothing parameter and model
| ^
Flavors: r-devel-linux-x86_64-debian-clang, r-devel-linux-x86_64-debian-gcc, r-devel-linux-x86_64-fedora-clang, r-devel-linux-x86_64-fedora-gcc, r-devel-windows-x86_64, r-patched-linux-x86_64, r-release-linux-x86_64, r-release-macos-arm64, r-release-macos-x86_64, r-release-windows-x86_64
Version: 2.3.3
Check: Rd cross-references
Result: NOTE
Found the following Rd file(s) with Rd \link{} targets missing package
anchors:
check.cols.Rd: mrds
dsm.cor.Rd: residuals.gam
dsm_cor.Rd: residuals.gam
dsm_varprop.Rd: gamObject
Please provide package anchors for all Rd \link{} targets not in the
package itself and the base packages.
Flavors: r-devel-linux-x86_64-debian-clang, r-devel-linux-x86_64-debian-gcc, r-devel-windows-x86_64