Last updated on 2024-03-12 07:49:52 CET.
Flavor | Version | Tinstall | Tcheck | Ttotal | Status | Flags |
---|---|---|---|---|---|---|
r-devel-linux-x86_64-debian-clang | 1.5.4 | 44.46 | 122.97 | 167.43 | WARN | |
r-devel-linux-x86_64-debian-gcc | 1.5.4 | 29.45 | 92.00 | 121.45 | NOTE | |
r-devel-linux-x86_64-fedora-clang | 1.5.4 | 210.90 | NOTE | |||
r-devel-linux-x86_64-fedora-gcc | 1.5.4 | 206.22 | NOTE | |||
r-devel-windows-x86_64 | 1.5.4 | 38.00 | 126.00 | 164.00 | NOTE | |
r-patched-linux-x86_64 | 1.5.4 | 26.62 | 121.89 | 148.51 | OK | |
r-release-linux-x86_64 | 1.5.4 | 30.72 | 120.92 | 151.64 | OK | |
r-release-macos-arm64 | 1.5.4 | 64.00 | OK | |||
r-release-macos-x86_64 | 1.5.4 | 104.00 | OK | |||
r-release-windows-x86_64 | 1.5.4 | 49.00 | 144.00 | 193.00 | OK | |
r-oldrel-macos-arm64 | 1.5.4 | 61.00 | OK | |||
r-oldrel-windows-x86_64 | 1.5.4 | 47.00 | 146.00 | 193.00 | OK |
Version: 1.5.4
Check: whether package can be installed
Result: WARN
Found the following significant warnings:
flang-new: warning: argument unused during compilation: '-Wall' [-Wunused-command-line-argument]
See ‘/home/hornik/tmp/R.check/r-devel-clang/Work/PKGS/dti.Rcheck/00install.out’ for details.
* used C compiler: ‘Debian clang version 18.1.0 (rc4-1)’
* used Fortran compiler: ‘Debian flang-new version 18.1.0 (rc4-1)’
* used C++ compiler: ‘Debian clang version 18.1.0 (rc4-1)’
Flavor: r-devel-linux-x86_64-debian-clang
Version: 1.5.4
Check: Rd files
Result: NOTE
checkRd: (-1) extract-methods.Rd:105: Lost braces
105 | argument \code{what}. For code{"["} the cutted object.
| ^
Flavors: r-devel-linux-x86_64-debian-clang, r-devel-linux-x86_64-debian-gcc, r-devel-linux-x86_64-fedora-clang, r-devel-linux-x86_64-fedora-gcc, r-devel-windows-x86_64