Last updated on 2024-03-12 07:49:52 CET.
Flavor | Version | Tinstall | Tcheck | Ttotal | Status | Flags |
---|---|---|---|---|---|---|
r-devel-linux-x86_64-debian-clang | 0.1.0 | 3.83 | 37.72 | 41.55 | NOTE | |
r-devel-linux-x86_64-debian-gcc | 0.1.0 | 2.36 | 29.49 | 31.85 | NOTE | |
r-devel-linux-x86_64-fedora-clang | 0.1.0 | 52.66 | NOTE | |||
r-devel-linux-x86_64-fedora-gcc | 0.1.0 | 49.81 | NOTE | |||
r-devel-windows-x86_64 | 0.1.0 | 4.00 | 53.00 | 57.00 | NOTE | |
r-patched-linux-x86_64 | 0.1.0 | 2.73 | 37.42 | 40.15 | OK | |
r-release-linux-x86_64 | 0.1.0 | 3.15 | 38.65 | 41.80 | OK | |
r-release-macos-arm64 | 0.1.0 | 21.00 | OK | |||
r-release-macos-x86_64 | 0.1.0 | 28.00 | OK | |||
r-release-windows-x86_64 | 0.1.0 | 5.00 | 54.00 | 59.00 | OK | |
r-oldrel-macos-arm64 | 0.1.0 | 22.00 | OK | |||
r-oldrel-windows-x86_64 | 0.1.0 | 5.00 | 62.00 | 67.00 | OK |
Version: 0.1.0
Check: Rd files
Result: NOTE
checkRd: (-1) Mena.Rd:14: Lost braces in \itemize; meant \describe ?
checkRd: (-1) Mena.Rd:15: Lost braces in \itemize; meant \describe ?
checkRd: (-1) Mena.Rd:16: Lost braces in \itemize; meant \describe ?
checkRd: (-1) Mena.Rd:17: Lost braces in \itemize; meant \describe ?
checkRd: (-1) Mena.Rd:18: Lost braces in \itemize; meant \describe ?
checkRd: (-1) Mena.Rd:19: Lost braces in \itemize; meant \describe ?
Flavors: r-devel-linux-x86_64-debian-clang, r-devel-linux-x86_64-debian-gcc, r-devel-linux-x86_64-fedora-clang, r-devel-linux-x86_64-fedora-gcc, r-devel-windows-x86_64