Last updated on 2024-04-18 08:54:27 CEST.
Flavor | Version | Tinstall | Tcheck | Ttotal | Status | Flags |
---|---|---|---|---|---|---|
r-devel-linux-x86_64-debian-clang | 0.4.4 | 11.22 | 195.24 | 206.46 | NOTE | |
r-devel-linux-x86_64-debian-gcc | 0.4.4 | 7.10 | 146.82 | 153.92 | NOTE | |
r-devel-linux-x86_64-fedora-clang | 0.4.4 | 252.75 | NOTE | |||
r-devel-linux-x86_64-fedora-gcc | 0.4.4 | 258.21 | NOTE | |||
r-prerel-macos-arm64 | 0.4.4 | 79.00 | NOTE | |||
r-prerel-windows-x86_64 | 0.4.4 | 12.00 | 186.00 | 198.00 | NOTE | |
r-patched-linux-x86_64 | 0.4.4 | 9.34 | 187.42 | 196.76 | NOTE | |
r-release-linux-x86_64 | 0.4.4 | 8.54 | 190.12 | 198.66 | OK | |
r-release-macos-arm64 | 0.4.4 | 86.00 | OK | |||
r-release-macos-x86_64 | 0.4.4 | 185.00 | OK | |||
r-release-windows-x86_64 | 0.4.4 | 14.00 | 237.00 | 251.00 | OK | |
r-oldrel-macos-arm64 | 0.4.4 | 78.00 | OK | |||
r-oldrel-windows-x86_64 | 0.4.4 | 14.00 | 202.00 | 216.00 | OK |
Version: 0.4.4
Check: Rd files
Result: NOTE
checkRd: (-1) count_subgroup.Rd:29: Lost braces; missing escapes or markup?
29 | {.subgroup} for the subgroup column name and \{.name\} for the subgroup
| ^
checkRd: (-1) p_count_subgroup.Rd:29: Lost braces; missing escapes or markup?
29 | {.subgroup} for the subgroup column name and \{.name\} for the subgroup
| ^
Flavors: r-devel-linux-x86_64-debian-clang, r-devel-linux-x86_64-debian-gcc, r-devel-linux-x86_64-fedora-clang, r-devel-linux-x86_64-fedora-gcc, r-prerel-macos-arm64, r-prerel-windows-x86_64, r-patched-linux-x86_64
Version: 0.4.4
Check: HTML version of manual
Result: NOTE
Found the following HTML validation problems:
p_mutate.html:56:1 (p_mutate.Rd:17): Warning: trimming empty <dt>
p_rename.html:56:1 (p_rename.Rd:17): Warning: trimming empty <dt>
p_select.html:56:1 (p_select.Rd:17): Warning: trimming empty <dt>
p_transmute.html:56:1 (p_transmute.Rd:17): Warning: trimming empty <dt>
p_ungroup.html:56:1 (p_ungroup.Rd:21): Warning: trimming empty <dt>
Flavors: r-devel-linux-x86_64-debian-clang, r-devel-linux-x86_64-debian-gcc, r-devel-linux-x86_64-fedora-clang, r-devel-linux-x86_64-fedora-gcc, r-prerel-windows-x86_64, r-patched-linux-x86_64
Version: 0.4.4
Check: Rd cross-references
Result: NOTE
Undeclared package ‘vctrs’ in Rd xrefs
Flavor: r-devel-linux-x86_64-fedora-clang