Last updated on 2024-04-18 08:54:27 CEST.
Flavor | Version | Tinstall | Tcheck | Ttotal | Status | Flags |
---|---|---|---|---|---|---|
r-devel-linux-x86_64-debian-clang | 5.5.12 | 198.94 | 408.50 | 607.44 | NOTE | |
r-devel-linux-x86_64-debian-gcc | 5.5.12 | 148.15 | 305.95 | 454.10 | NOTE | |
r-devel-linux-x86_64-fedora-clang | 5.5.12 | 824.92 | NOTE | |||
r-devel-linux-x86_64-fedora-gcc | 5.5.12 | 821.62 | NOTE | |||
r-prerel-macos-arm64 | 5.5.12 | 175.00 | NOTE | |||
r-prerel-windows-x86_64 | 5.5.12 | 169.00 | 298.00 | 467.00 | NOTE | |
r-patched-linux-x86_64 | 5.5.12 | 196.77 | 402.19 | 598.96 | NOTE | |
r-release-linux-x86_64 | 5.5.12 | 180.31 | 411.25 | 591.56 | NOTE | |
r-release-macos-arm64 | 5.5.12 | 212.00 | NOTE | |||
r-release-macos-x86_64 | 5.5.12 | 402.00 | NOTE | |||
r-release-windows-x86_64 | 5.5.12 | 206.00 | 374.00 | 580.00 | NOTE | |
r-oldrel-macos-arm64 | 5.5.12 | 167.00 | NOTE | |||
r-oldrel-windows-x86_64 | 5.5.12 | 195.00 | 371.00 | 566.00 | NOTE |
Version: 5.5.12
Check: for GNU extensions in Makefiles
Result: NOTE
GNU make is a SystemRequirements.
Flavors: r-devel-linux-x86_64-debian-clang, r-devel-linux-x86_64-debian-gcc, r-devel-linux-x86_64-fedora-clang, r-devel-linux-x86_64-fedora-gcc, r-prerel-macos-arm64, r-prerel-windows-x86_64, r-patched-linux-x86_64, r-release-linux-x86_64, r-release-macos-arm64, r-release-macos-x86_64, r-release-windows-x86_64, r-oldrel-macos-arm64, r-oldrel-windows-x86_64
Version: 5.5.12
Check: installed package size
Result: NOTE
installed size is 9.0Mb
sub-directories of 1Mb or more:
doc 2.4Mb
libs 5.3Mb
Flavors: r-prerel-macos-arm64, r-release-macos-arm64, r-release-macos-x86_64, r-oldrel-macos-arm64