Last updated on 2021-04-10 08:48:14 CEST.
Flavor | Version | Tinstall | Tcheck | Ttotal | Status | Flags |
---|---|---|---|---|---|---|
r-devel-linux-x86_64-debian-clang | 1.2.1 | 17.21 | 117.35 | 134.56 | OK | |
r-devel-linux-x86_64-debian-gcc | 1.2.1 | 15.67 | 90.53 | 106.20 | OK | |
r-devel-linux-x86_64-fedora-clang | 1.2.1 | 169.85 | NOTE | |||
r-devel-linux-x86_64-fedora-gcc | 1.2.1 | 162.19 | NOTE | |||
r-devel-windows-ix86+x86_64 | 1.2.1 | 24.00 | 100.00 | 124.00 | OK | |
r-devel-windows-x86_64-gcc10-UCRT | 1.2.1 | NOTE | ||||
r-patched-linux-x86_64 | 1.2.1 | 17.20 | 110.48 | 127.68 | OK | |
r-patched-solaris-x86 | 1.2.1 | 242.20 | NOTE | |||
r-release-linux-x86_64 | 1.2.1 | 18.17 | 109.17 | 127.34 | OK | |
r-release-macos-x86_64 | 1.2.1 | NOTE | ||||
r-release-windows-ix86+x86_64 | 1.2.1 | 23.00 | 135.00 | 158.00 | OK | |
r-oldrel-macos-x86_64 | 1.2.1 | NOTE | ||||
r-oldrel-windows-ix86+x86_64 | 1.2.1 | 31.00 | 98.00 | 129.00 | OK |
Version: 1.2.1
Check: dependencies in R code
Result: NOTE
Namespaces in Imports field not imported from:
‘maptools’ ‘tools’
All declared Imports should be used.
Flavors: r-devel-linux-x86_64-fedora-clang, r-devel-linux-x86_64-fedora-gcc, r-devel-windows-x86_64-gcc10-UCRT, r-patched-solaris-x86, r-release-macos-x86_64, r-oldrel-macos-x86_64