CRAN Package Check Results for Package dynlm

Last updated on 2021-09-20 08:50:12 CEST.

Flavor Version Tinstall Tcheck Ttotal Status Flags
r-devel-linux-x86_64-debian-clang 0.3-6 6.47 51.96 58.43 OK
r-devel-linux-x86_64-debian-gcc 0.3-6 4.74 38.77 43.51 OK
r-devel-linux-x86_64-fedora-clang 0.3-6 77.17 OK
r-devel-linux-x86_64-fedora-gcc 0.3-6 65.66 OK
r-devel-windows-x86_64 0.3-6 8.00 55.00 63.00 OK
r-devel-windows-x86_64-gcc10-UCRT 0.3-6 ERROR
r-patched-linux-x86_64 0.3-6 5.65 48.57 54.22 OK
r-patched-solaris-x86 0.3-6 101.90 OK
r-release-linux-x86_64 0.3-6 4.92 48.10 53.02 OK
r-release-macos-arm64 0.3-6 OK
r-release-macos-x86_64 0.3-6 OK
r-release-windows-ix86+x86_64 0.3-6 15.00 58.00 73.00 OK
r-oldrel-macos-x86_64 0.3-6 NOTE
r-oldrel-windows-ix86+x86_64 0.3-6 14.00 56.00 70.00 OK

Check Details

Version: 0.3-6
Check: whether package can be installed
Result: WARN
    Found the following significant warnings:
     WARNING: installation-time patches will not be applied, could not get the patches index
Flavor: r-devel-windows-x86_64-gcc10-UCRT

Version: 0.3-6
Check: PDF version of manual
Result: WARN
    LaTeX errors when creating PDF version.
    This typically indicates Rd problems.
Flavor: r-devel-windows-x86_64-gcc10-UCRT

Version: 0.3-6
Check: PDF version of manual without hyperrefs or index
Result: ERROR
    Re-running with no redirection of stdout/stderr.
Flavor: r-devel-windows-x86_64-gcc10-UCRT

Version: 0.3-6
Check: package dependencies
Result: NOTE
    Package suggested but not available for checking: ‘TSA’
Flavor: r-oldrel-macos-x86_64