CRAN Package Check Results for Package dynprog

Last updated on 2024-04-21 08:53:36 CEST.

Flavor Version Tinstall Tcheck Ttotal Status Flags
r-devel-linux-x86_64-debian-clang 0.1.1 2.04 39.22 41.26 NOTE
r-devel-linux-x86_64-debian-gcc 0.1.1 1.65 28.60 30.25 NOTE
r-devel-linux-x86_64-fedora-clang 0.1.1 50.53 NOTE
r-devel-linux-x86_64-fedora-gcc 0.1.1 47.81 NOTE
r-prerel-macos-arm64 0.1.1 18.00 NOTE
r-prerel-windows-x86_64 0.1.1 3.00 49.00 52.00 NOTE
r-patched-linux-x86_64 0.1.1 2.04 36.29 38.33 NOTE
r-release-linux-x86_64 0.1.1 1.77 37.07 38.84 NOTE
r-release-macos-arm64 0.1.1 20.00 NOTE
r-release-macos-x86_64 0.1.1 27.00 NOTE
r-release-windows-x86_64 0.1.1 3.00 54.00 57.00 NOTE
r-oldrel-macos-arm64 0.1.1 22.00 NOTE
r-oldrel-windows-x86_64 0.1.1 3.00 56.00 59.00 NOTE

Check Details

Version: 0.1.1
Check: LazyData
Result: NOTE 'LazyData' is specified without a 'data' directory Flavors: r-devel-linux-x86_64-debian-clang, r-devel-linux-x86_64-debian-gcc, r-devel-linux-x86_64-fedora-clang, r-devel-linux-x86_64-fedora-gcc, r-prerel-macos-arm64, r-prerel-windows-x86_64, r-patched-linux-x86_64, r-release-linux-x86_64, r-release-macos-arm64, r-release-macos-x86_64, r-release-windows-x86_64, r-oldrel-macos-arm64, r-oldrel-windows-x86_64