CRAN Package Check Results for Package eAnalytics

Last updated on 2021-07-29 09:53:21 CEST.

Flavor Version Tinstall Tcheck Ttotal Status Flags
r-devel-linux-x86_64-debian-clang 0.1.4 NOTE
r-devel-linux-x86_64-debian-gcc 0.1.4 6.63 57.43 64.06 NOTE
r-devel-linux-x86_64-fedora-clang 0.1.4 110.32 NOTE
r-devel-linux-x86_64-fedora-gcc 0.1.4 98.26 NOTE
r-devel-windows-x86_64 0.1.4 19.00 118.00 137.00 NOTE
r-devel-windows-x86_64-gcc10-UCRT 0.1.4 NOTE
r-patched-linux-x86_64 0.1.4 8.61 70.64 79.25 NOTE
r-patched-solaris-x86 0.1.4 147.30 NOTE
r-release-linux-x86_64 0.1.4 8.77 72.02 80.79 NOTE
r-release-macos-arm64 0.1.4 NOTE
r-release-macos-x86_64 0.1.4 NOTE
r-release-windows-ix86+x86_64 0.1.4 22.00 101.00 123.00 NOTE
r-oldrel-macos-x86_64 0.1.4 OK
r-oldrel-windows-ix86+x86_64 0.1.4 30.00 102.00 132.00 OK

Check Details

Version: 0.1.4
Check: LazyData
Result: NOTE
     'LazyData' is specified without a 'data' directory
Flavors: r-devel-linux-x86_64-debian-clang, r-devel-linux-x86_64-debian-gcc, r-devel-linux-x86_64-fedora-clang, r-devel-linux-x86_64-fedora-gcc, r-devel-windows-x86_64, r-devel-windows-x86_64-gcc10-UCRT, r-patched-linux-x86_64, r-patched-solaris-x86, r-release-linux-x86_64, r-release-macos-arm64, r-release-macos-x86_64, r-release-windows-ix86+x86_64