Last updated on 2023-03-29 08:53:36 CEST.
Flavor | Version | Tinstall | Tcheck | Ttotal | Status | Flags |
---|---|---|---|---|---|---|
r-devel-linux-x86_64-debian-clang | 0.1.4 | 9.88 | 78.92 | 88.80 | NOTE | |
r-devel-linux-x86_64-debian-gcc | 0.1.4 | 7.88 | 59.77 | 67.65 | NOTE | |
r-devel-linux-x86_64-fedora-clang | 0.1.4 | 111.03 | NOTE | |||
r-devel-linux-x86_64-fedora-gcc | 0.1.4 | 124.97 | NOTE | |||
r-devel-windows-x86_64 | 0.1.4 | 30.00 | 110.00 | 140.00 | NOTE | |
r-patched-linux-x86_64 | 0.1.4 | 8.20 | 74.88 | 83.08 | NOTE | |
r-release-linux-x86_64 | 0.1.4 | 6.54 | 79.70 | 86.24 | NOTE | |
r-release-macos-arm64 | 0.1.4 | 45.00 | NOTE | |||
r-release-macos-x86_64 | 0.1.4 | 63.00 | NOTE | |||
r-release-windows-x86_64 | 0.1.4 | 28.00 | 122.00 | 150.00 | NOTE | |
r-oldrel-macos-arm64 | 0.1.4 | 39.00 | NOTE | |||
r-oldrel-macos-x86_64 | 0.1.4 | 65.00 | NOTE | |||
r-oldrel-windows-ix86+x86_64 | 0.1.4 | 27.00 | 126.00 | 153.00 | NOTE |
Version: 0.1.4
Check: LazyData
Result: NOTE
'LazyData' is specified without a 'data' directory
Flavors: r-devel-linux-x86_64-debian-clang, r-devel-linux-x86_64-debian-gcc, r-devel-linux-x86_64-fedora-clang, r-devel-linux-x86_64-fedora-gcc, r-devel-windows-x86_64, r-patched-linux-x86_64, r-release-linux-x86_64, r-release-macos-arm64, r-release-macos-x86_64, r-release-windows-x86_64, r-oldrel-macos-arm64, r-oldrel-macos-x86_64, r-oldrel-windows-ix86+x86_64
Version: 0.1.4
Check: R code for possible problems
Result: NOTE
Initiating curl with CURL_SSL_BACKEND: openssl
Flavor: r-oldrel-windows-ix86+x86_64