Last updated on 2024-08-31 08:48:10 CEST.
Flavor | Version | Tinstall | Tcheck | Ttotal | Status | Flags |
---|---|---|---|---|---|---|
r-devel-linux-x86_64-debian-clang | 1.0.0 | 55.03 | 444.76 | 499.79 | NOTE | |
r-devel-linux-x86_64-debian-gcc | 1.0.0 | 39.43 | 306.83 | 346.26 | NOTE | |
r-devel-linux-x86_64-fedora-clang | 1.0.0 | 877.55 | NOTE | |||
r-devel-linux-x86_64-fedora-gcc | 1.0.0 | 817.80 | NOTE | |||
r-devel-windows-x86_64 | 1.0.0 | 54.00 | 361.00 | 415.00 | NOTE | |
r-patched-linux-x86_64 | 1.0.0 | 62.01 | 419.10 | 481.11 | OK | |
r-release-linux-x86_64 | 1.0.0 | 52.85 | 423.91 | 476.76 | OK | |
r-release-macos-arm64 | 1.0.0 | 128.00 | OK | |||
r-release-macos-x86_64 | 1.0.0 | 282.00 | OK | |||
r-release-windows-x86_64 | 1.0.0 | 59.00 | 383.00 | 442.00 | OK | |
r-oldrel-macos-arm64 | 1.0.0 | 149.00 | OK | |||
r-oldrel-macos-x86_64 | 1.0.0 | 267.00 | OK | |||
r-oldrel-windows-x86_64 | 1.0.0 | 77.00 | 505.00 | 582.00 | OK |
Version: 1.0.0
Check: Rd cross-references
Result: NOTE
Found the following Rd file(s) with Rd \link{} targets missing package
anchors:
eval_posterior_eDITH.Rd: aggregate_river
posterior_pred_sim_eDITH.Rd: aggregate_river, DHARMa
run_eDITH_BT.Rd: aggregate_river, river_to_AEM, runMCMC,
createBayesianSetup, dtrunc, MAP, getCredibleIntervals,
gelmanDiagnostics
run_eDITH_BT_joint.Rd: aggregate_river, river_to_AEM, runMCMC,
createBayesianSetup, dtrunc, MAP, getCredibleIntervals,
gelmanDiagnostics
run_eDITH_optim.Rd: aggregate_river, river_to_AEM
run_eDITH_optim_joint.Rd: aggregate_river, river_to_AEM
run_eDITH_single.Rd: aggregate_river
sampling_strategy_direct.Rd: aggregate_river
sampling_strategy_eDNA.Rd: paths_river
wigger.Rd: extract_river
Please provide package anchors for all Rd \link{} targets not in the
package itself and the base packages.
Flavors: r-devel-linux-x86_64-debian-clang, r-devel-linux-x86_64-debian-gcc, r-devel-windows-x86_64
Version: 1.0.0
Check: data for non-ASCII characters
Result: NOTE
Note: found 74 marked UTF-8 strings
Flavors: r-devel-linux-x86_64-fedora-clang, r-devel-linux-x86_64-fedora-gcc