CRAN Package Check Results for Package eSDM

Last updated on 2021-05-14 09:50:50 CEST.

Flavor Version Tinstall Tcheck Ttotal Status Flags
r-devel-linux-x86_64-debian-clang 0.3.7 8.52 170.56 179.08 OK
r-devel-linux-x86_64-debian-gcc 0.3.7 7.37 121.45 128.82 OK
r-devel-linux-x86_64-fedora-clang 0.3.7 224.76 OK
r-devel-linux-x86_64-fedora-gcc 0.3.7 224.87 OK
r-devel-windows-ix86+x86_64 0.3.7 20.00 188.00 208.00 OK
r-devel-windows-x86_64-gcc10-UCRT 0.3.7 OK
r-patched-linux-x86_64 0.3.7 8.70 156.39 165.09 OK
r-patched-solaris-x86 0.3.7 305.00 NOTE
r-release-linux-x86_64 0.3.7 9.75 156.03 165.78 OK
r-release-macos-x86_64 0.3.7 OK
r-release-windows-ix86+x86_64 0.3.7 15.00 158.00 173.00 OK
r-oldrel-macos-x86_64 0.3.7 OK
r-oldrel-windows-ix86+x86_64 0.3.7 15.00 143.00 158.00 OK

Check Details

Version: 0.3.7
Check: installed package size
Result: NOTE
     installed size is 5.0Mb
     sub-directories of 1Mb or more:
     extdata 1.7Mb
     shiny 2.1Mb
Flavor: r-patched-solaris-x86