Last updated on 2024-08-31 08:48:10 CEST.
Flavor | Version | Tinstall | Tcheck | Ttotal | Status | Flags |
---|---|---|---|---|---|---|
r-devel-linux-x86_64-debian-clang | 5.3.3 | 17.16 | 76.65 | 93.81 | NOTE | |
r-devel-linux-x86_64-debian-gcc | 5.3.3 | 12.74 | 49.29 | 62.03 | NOTE | |
r-devel-linux-x86_64-fedora-clang | 5.3.3 | 151.74 | NOTE | |||
r-devel-linux-x86_64-fedora-gcc | 5.3.3 | 143.69 | NOTE | |||
r-devel-windows-x86_64 | 5.3.3 | 23.00 | 85.00 | 108.00 | NOTE | |
r-patched-linux-x86_64 | 5.3.3 | 16.17 | 71.13 | 87.30 | OK | |
r-release-linux-x86_64 | 5.3.3 | 15.27 | 72.91 | 88.18 | OK | |
r-release-macos-arm64 | 5.3.3 | 39.00 | OK | |||
r-release-macos-x86_64 | 5.3.3 | 75.00 | OK | |||
r-release-windows-x86_64 | 5.3.3 | 26.00 | 97.00 | 123.00 | OK | |
r-oldrel-macos-arm64 | 5.3.3 | 45.00 | OK | |||
r-oldrel-macos-x86_64 | 5.3.3 | 90.00 | OK | |||
r-oldrel-windows-x86_64 | 5.3.3 | 27.00 | 101.00 | 128.00 | OK |
Version: 5.3.3
Check: Rd cross-references
Result: NOTE
Found the following Rd file(s) with Rd \link{} targets missing package
anchors:
earth.Rd: rlm
Please provide package anchors for all Rd \link{} targets not in the
package itself and the base packages.
Flavors: r-devel-linux-x86_64-debian-clang, r-devel-linux-x86_64-debian-gcc, r-devel-windows-x86_64
Version: 5.3.3
Check: compiled code
Result: NOTE
File ‘earth/libs/earth.so’:
Found non-API call to R: ‘SET_TYPEOF’
Compiled code should not call non-API entry points in R.
See ‘Writing portable packages’ in the ‘Writing R Extensions’ manual,
and section ‘Moving into C API compliance’ for issues with the use of
non-API entry points.
Flavors: r-devel-linux-x86_64-debian-clang, r-devel-linux-x86_64-debian-gcc, r-devel-linux-x86_64-fedora-clang, r-devel-linux-x86_64-fedora-gcc
Version: 5.3.3
Check: Rd cross-references
Result: NOTE
Undeclared package ‘leaps’ in Rd xrefs
Flavor: r-devel-linux-x86_64-fedora-clang
Version: 5.3.3
Check: compiled code
Result: NOTE
File 'earth/libs/x64/earth.dll':
Found non-API call to R: 'SET_TYPEOF'
Compiled code should not call non-API entry points in R.
See 'Writing portable packages' in the 'Writing R Extensions' manual,
and section 'Moving into C API compliance' for issues with the use of
non-API entry points.
Flavor: r-devel-windows-x86_64