CRAN Package Check Results for Package easyNCDF

Last updated on 2024-07-20 08:49:40 CEST.

Flavor Version Tinstall Tcheck Ttotal Status Flags
r-devel-linux-x86_64-debian-clang 0.1.2 3.18 30.87 34.05 NOTE
r-devel-linux-x86_64-debian-gcc 0.1.2 3.01 22.73 25.74 NOTE
r-devel-linux-x86_64-fedora-clang 0.1.2 43.60 NOTE
r-devel-linux-x86_64-fedora-gcc 0.1.2 40.35 NOTE
r-devel-windows-x86_64 0.1.2 5.00 43.00 48.00 NOTE
r-patched-linux-x86_64 0.1.2 3.67 28.53 32.20 NOTE
r-release-linux-x86_64 0.1.2 3.21 29.29 32.50 NOTE
r-release-macos-arm64 0.1.2 17.00 NOTE
r-release-macos-x86_64 0.1.2 29.00 NOTE
r-release-windows-x86_64 0.1.2 4.00 42.00 46.00 NOTE
r-oldrel-macos-arm64 0.1.2 20.00 OK
r-oldrel-macos-x86_64 0.1.2 37.00 OK
r-oldrel-windows-x86_64 0.1.2 5.00 43.00 48.00 OK

Check Details

Version: 0.1.2
Check: Rd files
Result: NOTE checkRd: (-1) ArrayToNc.Rd:30-38: Lost braces in \itemize; meant \describe ? checkRd: (-1) ArrayToNc.Rd:39-50: Lost braces in \itemize; meant \describe ? checkRd: (-1) ArrayToNc.Rd:51-76: Lost braces in \itemize; meant \describe ? Flavors: r-devel-linux-x86_64-debian-clang, r-devel-linux-x86_64-debian-gcc, r-devel-linux-x86_64-fedora-clang, r-devel-linux-x86_64-fedora-gcc, r-devel-windows-x86_64, r-patched-linux-x86_64, r-release-linux-x86_64, r-release-macos-arm64, r-release-macos-x86_64, r-release-windows-x86_64