Last updated on 2024-05-02 08:57:39 CEST.
Flavor | Version | Tinstall | Tcheck | Ttotal | Status | Flags |
---|---|---|---|---|---|---|
r-devel-linux-x86_64-debian-clang | 1.1.1 | 6.17 | 57.04 | 63.21 | OK | |
r-devel-linux-x86_64-debian-gcc | 1.1.1 | 5.56 | 42.39 | 47.95 | OK | |
r-devel-linux-x86_64-fedora-clang | 1.1.1 | 82.49 | NOTE | |||
r-devel-linux-x86_64-fedora-gcc | 1.1.1 | 75.51 | NOTE | |||
r-devel-windows-x86_64 | 1.1.1 | 7.00 | 64.00 | 71.00 | OK | |
r-patched-linux-x86_64 | 1.1.1 | 12.33 | 54.93 | 67.26 | OK | |
r-release-linux-x86_64 | 1.1.1 | 5.92 | 54.27 | 60.19 | OK | |
r-release-macos-arm64 | 1.1.1 | 30.00 | OK | |||
r-release-windows-x86_64 | 1.1.1 | 7.00 | 63.00 | 70.00 | OK | |
r-oldrel-macos-arm64 | 1.1.1 | 31.00 | OK | |||
r-oldrel-macos-x86_64 | 1.1.1 | 42.00 | OK | |||
r-oldrel-windows-x86_64 | 1.1.1 | 8.00 | 71.00 | 79.00 | OK |
Version: 1.1.1
Check: data for non-ASCII characters
Result: NOTE
Note: found 10 marked UTF-8 strings
Flavors: r-devel-linux-x86_64-fedora-clang, r-devel-linux-x86_64-fedora-gcc