CRAN Package Check Results for Package ebreg

Last updated on 2023-02-09 07:56:46 CET.

Flavor Version Tinstall Tcheck Ttotal Status Flags
r-devel-linux-x86_64-debian-clang 0.1.3 2.65 59.38 62.03 OK
r-devel-linux-x86_64-debian-gcc 0.1.3 2.06 43.99 46.05 OK
r-devel-linux-x86_64-fedora-clang 0.1.3 73.06 OK
r-devel-linux-x86_64-fedora-gcc 0.1.3 72.13 OK
r-devel-windows-x86_64 0.1.3 13.00 91.00 104.00 OK
r-patched-linux-x86_64 0.1.3 2.57 49.85 52.42 ERROR
r-release-linux-x86_64 0.1.3 2.50 61.78 64.28 OK
r-release-macos-arm64 0.1.3 29.00 OK
r-release-macos-x86_64 0.1.3 40.00 OK
r-release-windows-x86_64 0.1.3 5.00 92.00 97.00 OK
r-oldrel-macos-arm64 0.1.3 34.00 OK
r-oldrel-macos-x86_64 0.1.3 43.00 OK
r-oldrel-windows-ix86+x86_64 0.1.3 5.00 85.00 90.00 OK

Check Details

Version: 0.1.3
Check: tests
Result: ERROR
     Running ‘testthat.R’ [17s/20s]
    Running the tests in ‘tests/testthat.R’ failed.
    Complete output:
     > library(testthat)
     > library(ebreg)
     Loading required package: lars
     Loaded lars 1.3
    
     >
     > test_check("ebreg")
     [ FAIL 1 | WARN 0 | SKIP 0 | PASS 7 ]
    
     ══ Failed tests ════════════════════════════════════════════════════════════════
     ── Error ('test_ebproject.R:29'): the right things are NULL when pred is FALSE ──
     Error in `chol.default(V)`: the leading minor of order 2 is not positive definite
     Backtrace:
     ▆
     1. └─ebreg::ebreg(...) at test_ebproject.R:29:2
     2. └─ebreg:::get.lm.stuff(S.new, y, X)
     3. ├─base::chol(V)
     4. └─base::chol.default(V)
    
     [ FAIL 1 | WARN 0 | SKIP 0 | PASS 7 ]
     Error: Test failures
     Execution halted
Flavor: r-patched-linux-x86_64