Last updated on 2024-04-18 08:54:27 CEST.
Flavor | Version | Tinstall | Tcheck | Ttotal | Status | Flags |
---|---|---|---|---|---|---|
r-devel-linux-x86_64-debian-clang | 1.1 | 2.11 | 33.39 | 35.50 | OK | |
r-devel-linux-x86_64-debian-gcc | 1.1 | 1.88 | 24.93 | 26.81 | OK | |
r-devel-linux-x86_64-fedora-clang | 1.1 | 43.86 | NOTE | |||
r-devel-linux-x86_64-fedora-gcc | 1.1 | 42.06 | NOTE | |||
r-prerel-macos-arm64 | 1.1 | 16.00 | OK | |||
r-prerel-windows-x86_64 | 1.1 | 3.00 | 47.00 | 50.00 | OK | |
r-patched-linux-x86_64 | 1.1 | 2.26 | 31.70 | 33.96 | OK | |
r-release-linux-x86_64 | 1.1 | 2.19 | 31.77 | 33.96 | OK | |
r-release-macos-arm64 | 1.1 | 21.00 | OK | |||
r-release-macos-x86_64 | 1.1 | 42.00 | OK | |||
r-release-windows-x86_64 | 1.1 | 3.00 | 48.00 | 51.00 | OK | |
r-oldrel-macos-arm64 | 1.1 | 24.00 | OK | |||
r-oldrel-windows-x86_64 | 1.1 | 4.00 | 50.00 | 54.00 | OK |
Version: 1.1
Check: dependencies in R code
Result: NOTE
Namespace in Imports field not imported from: ‘graphics’
All declared Imports should be used.
Flavors: r-devel-linux-x86_64-fedora-clang, r-devel-linux-x86_64-fedora-gcc