CRAN Package Check Results for Package eda4treeR

Last updated on 2021-03-05 07:49:52 CET.

Flavor Version Tinstall Tcheck Ttotal Status Flags
r-devel-linux-x86_64-debian-clang 0.3.0 14.17 138.69 152.86 OK
r-devel-linux-x86_64-debian-gcc 0.3.0 13.08 103.27 116.35 OK
r-devel-linux-x86_64-fedora-clang 0.3.0 193.55 NOTE
r-devel-linux-x86_64-fedora-gcc 0.3.0 176.61 NOTE
r-devel-windows-ix86+x86_64 0.3.0 35.00 165.00 200.00 OK
r-patched-linux-x86_64 0.3.0 OK
r-patched-solaris-x86 0.3.0 265.70 NOTE
r-release-linux-x86_64 0.3.0 14.11 128.62 142.73 OK
r-release-macos-x86_64 0.3.0 NOTE
r-release-windows-ix86+x86_64 0.3.0 23.00 126.00 149.00 OK
r-oldrel-macos-x86_64 0.3.0 NOTE
r-oldrel-windows-ix86+x86_64 0.3.0 29.00 150.00 179.00 OK

Check Details

Version: 0.3.0
Check: dependencies in R code
Result: NOTE
    Namespaces in Imports field not imported from:
     ‘dae’ ‘dplyr’
     All declared Imports should be used.
Flavors: r-devel-linux-x86_64-fedora-clang, r-devel-linux-x86_64-fedora-gcc, r-patched-solaris-x86, r-release-macos-x86_64, r-oldrel-macos-x86_64