Last updated on 2024-04-19 08:54:38 CEST.
Flavor | Version | Tinstall | Tcheck | Ttotal | Status | Flags |
---|---|---|---|---|---|---|
r-devel-linux-x86_64-debian-clang | 0.3.1 | 39.42 | 347.01 | 386.43 | NOTE | |
r-devel-linux-x86_64-debian-gcc | 0.3.1 | NOTE | ||||
r-devel-linux-x86_64-fedora-clang | 0.3.1 | 460.81 | NOTE | |||
r-devel-linux-x86_64-fedora-gcc | 0.3.1 | 426.74 | NOTE | |||
r-prerel-macos-arm64 | 0.3.1 | 106.00 | NOTE | |||
r-prerel-windows-x86_64 | 0.3.1 | 30.00 | 199.00 | 229.00 | NOTE | |
r-patched-linux-x86_64 | 0.3.1 | 34.79 | 324.08 | 358.87 | NOTE | |
r-release-linux-x86_64 | 0.3.1 | 24.98 | 325.47 | 350.45 | OK | |
r-release-macos-arm64 | 0.3.1 | 129.00 | OK | |||
r-release-macos-x86_64 | 0.3.1 | 214.00 | OK | |||
r-release-windows-x86_64 | 0.3.1 | 41.00 | 271.00 | 312.00 | OK | |
r-oldrel-macos-arm64 | 0.3.1 | 105.00 | OK | |||
r-oldrel-windows-x86_64 | 0.3.1 | 39.00 | 259.00 | 298.00 | OK |
Version: 0.3.1
Check: Rd files
Result: NOTE
checkRd: (-1) sd_map.Rd:33-34: Lost braces
33 | the map. \itemize{ \item{\code{elem} {displays elementary and unified
| ^
checkRd: (-1) sd_map.Rd:34: Lost braces; missing escapes or markup?
34 | districts}} \item{\code{secon} {displays secondary and unified districts}}}
| ^
Flavors: r-devel-linux-x86_64-debian-clang, r-devel-linux-x86_64-debian-gcc, r-devel-linux-x86_64-fedora-clang, r-devel-linux-x86_64-fedora-gcc, r-prerel-macos-arm64, r-prerel-windows-x86_64, r-patched-linux-x86_64