Last updated on 2024-03-12 07:49:52 CET.
Flavor | Version | Tinstall | Tcheck | Ttotal | Status | Flags |
---|---|---|---|---|---|---|
r-devel-linux-x86_64-debian-clang | 0.9.4 | 18.37 | 186.47 | 204.84 | OK | |
r-devel-linux-x86_64-debian-gcc | 0.9.4 | 17.01 | 146.62 | 163.63 | OK | |
r-devel-linux-x86_64-fedora-clang | 0.9.4 | 269.41 | NOTE | |||
r-devel-linux-x86_64-fedora-gcc | 0.9.4 | 267.68 | OK | |||
r-devel-windows-x86_64 | 0.9.4 | 19.00 | 155.00 | 174.00 | OK | |
r-patched-linux-x86_64 | 0.9.4 | 20.75 | 191.91 | 212.66 | OK | |
r-release-linux-x86_64 | 0.9.4 | 12.71 | 186.83 | 199.54 | OK | |
r-release-macos-arm64 | 0.9.4 | 83.00 | OK | |||
r-release-macos-x86_64 | 0.9.4 | 159.00 | OK | |||
r-release-windows-x86_64 | 0.9.4 | 24.00 | 187.00 | 211.00 | OK | |
r-oldrel-macos-arm64 | 0.9.4 | 75.00 | OK | |||
r-oldrel-windows-x86_64 | 0.9.4 | 24.00 | 190.00 | 214.00 | OK |
Version: 0.9.4
Check: Rd cross-references
Result: NOTE
Undeclared package ‘magrittr’ in Rd xrefs
Flavor: r-devel-linux-x86_64-fedora-clang