CRAN Package Check Results for Package editData

Last updated on 2021-07-29 09:53:21 CEST.

Flavor Version Tinstall Tcheck Ttotal Status Flags
r-devel-linux-x86_64-debian-clang 0.1.8 OK
r-devel-linux-x86_64-debian-gcc 0.1.8 5.56 45.09 50.65 OK
r-devel-linux-x86_64-fedora-clang 0.1.8 90.42 NOTE
r-devel-linux-x86_64-fedora-gcc 0.1.8 76.29 NOTE
r-devel-windows-x86_64 0.1.8 18.00 66.00 84.00 OK
r-devel-windows-x86_64-gcc10-UCRT 0.1.8 NOTE
r-patched-linux-x86_64 0.1.8 6.06 55.50 61.56 OK
r-patched-solaris-x86 0.1.8 118.30 NOTE
r-release-linux-x86_64 0.1.8 6.29 56.14 62.43 OK
r-release-macos-arm64 0.1.8 NOTE
r-release-macos-x86_64 0.1.8 NOTE
r-release-windows-ix86+x86_64 0.1.8 17.00 82.00 99.00 OK
r-oldrel-macos-x86_64 0.1.8 NOTE
r-oldrel-windows-ix86+x86_64 0.1.8 14.00 87.00 101.00 OK

Check Details

Version: 0.1.8
Check: dependencies in R code
Result: NOTE
    Namespaces in Imports field not imported from:
     ‘dplyr’ ‘magrittr’ ‘tibble’
     All declared Imports should be used.
Flavors: r-devel-linux-x86_64-fedora-clang, r-devel-linux-x86_64-fedora-gcc, r-devel-windows-x86_64-gcc10-UCRT, r-patched-solaris-x86, r-release-macos-arm64, r-release-macos-x86_64, r-oldrel-macos-x86_64