Last updated on 2024-04-19 08:54:38 CEST.
Flavor | Version | Tinstall | Tcheck | Ttotal | Status | Flags |
---|---|---|---|---|---|---|
r-devel-linux-x86_64-debian-clang | 0.1.0 | 6.12 | 299.78 | 305.90 | NOTE | |
r-devel-linux-x86_64-debian-gcc | 0.1.0 | NOTE | ||||
r-devel-linux-x86_64-fedora-clang | 0.1.0 | 381.55 | NOTE | |||
r-devel-linux-x86_64-fedora-gcc | 0.1.0 | 356.72 | NOTE | |||
r-prerel-macos-arm64 | 0.1.0 | 167.00 | NOTE | |||
r-prerel-windows-x86_64 | 0.1.0 | 8.00 | 237.00 | 245.00 | NOTE | |
r-patched-linux-x86_64 | 0.1.0 | 6.32 | 263.78 | 270.10 | NOTE | |
r-release-linux-x86_64 | 0.1.0 | 6.58 | 261.26 | 267.84 | NOTE | |
r-release-macos-arm64 | 0.1.0 | 181.00 | NOTE | |||
r-release-macos-x86_64 | 0.1.0 | 263.00 | NOTE | |||
r-release-windows-x86_64 | 0.1.0 | 9.00 | 291.00 | 300.00 | NOTE | |
r-oldrel-macos-arm64 | 0.1.0 | 153.00 | NOTE | |||
r-oldrel-windows-x86_64 | 0.1.0 | 8.00 | 296.00 | 304.00 | NOTE |
Version: 0.1.0
Check: Rd files
Result: NOTE
checkRd: (-1) eesim.Rd:148-151: Lost braces in \itemize; \value handles \item{}{} directly
checkRd: (-1) eesim.Rd:152-155: Lost braces in \itemize; \value handles \item{}{} directly
checkRd: (-1) eesim.Rd:156-158: Lost braces in \itemize; \value handles \item{}{} directly
Flavors: r-devel-linux-x86_64-debian-clang, r-devel-linux-x86_64-debian-gcc, r-devel-linux-x86_64-fedora-clang, r-devel-linux-x86_64-fedora-gcc, r-prerel-macos-arm64, r-prerel-windows-x86_64, r-patched-linux-x86_64
Version: 0.1.0
Check: LazyData
Result: NOTE
'LazyData' is specified without a 'data' directory
Flavors: r-devel-linux-x86_64-debian-clang, r-devel-linux-x86_64-debian-gcc, r-devel-linux-x86_64-fedora-clang, r-devel-linux-x86_64-fedora-gcc, r-prerel-macos-arm64, r-prerel-windows-x86_64, r-patched-linux-x86_64, r-release-linux-x86_64, r-release-macos-arm64, r-release-macos-x86_64, r-release-windows-x86_64, r-oldrel-macos-arm64, r-oldrel-windows-x86_64