CRAN Package Check Results for Package effectR

Last updated on 2021-05-14 09:50:49 CEST.

Flavor Version Tinstall Tcheck Ttotal Status Flags
r-devel-linux-x86_64-debian-clang 1.0.2 4.27 40.96 45.23 OK
r-devel-linux-x86_64-debian-gcc 1.0.2 3.28 32.63 35.91 OK
r-devel-linux-x86_64-fedora-clang 1.0.2 66.97 NOTE
r-devel-linux-x86_64-fedora-gcc 1.0.2 58.49 NOTE
r-devel-windows-ix86+x86_64 1.0.2 10.00 48.00 58.00 OK
r-devel-windows-x86_64-gcc10-UCRT 1.0.2 NOTE
r-patched-linux-x86_64 1.0.2 9.40 40.13 49.53 OK
r-patched-solaris-x86 1.0.2 82.00 NOTE
r-release-linux-x86_64 1.0.2 3.63 40.74 44.37 OK
r-release-macos-x86_64 1.0.2 NOTE
r-release-windows-ix86+x86_64 1.0.2 7.00 63.00 70.00 OK
r-oldrel-macos-x86_64 1.0.2 NOTE
r-oldrel-windows-ix86+x86_64 1.0.2 9.00 58.00 67.00 OK

Check Details

Version: 1.0.2
Check: dependencies in R code
Result: NOTE
    Namespace in Imports field not imported from: ‘rmarkdown’
     All declared Imports should be used.
Flavors: r-devel-linux-x86_64-fedora-clang, r-devel-linux-x86_64-fedora-gcc, r-devel-windows-x86_64-gcc10-UCRT, r-patched-solaris-x86, r-release-macos-x86_64, r-oldrel-macos-x86_64