CRAN Package Check Results for Package eha

Last updated on 2021-09-23 08:50:56 CEST.

Flavor Version Tinstall Tcheck Ttotal Status Flags
r-devel-linux-x86_64-debian-clang 2.9.0 31.90 165.35 197.25 OK
r-devel-linux-x86_64-debian-gcc 2.9.0 22.85 123.95 146.80 OK
r-devel-linux-x86_64-fedora-clang 2.9.0 240.36 OK
r-devel-linux-x86_64-fedora-gcc 2.9.0 226.40 OK
r-devel-windows-x86_64 2.9.0 38.00 167.00 205.00 OK
r-devel-windows-x86_64-gcc10-UCRT 2.9.0 ERROR
r-patched-linux-x86_64 2.9.0 27.13 165.56 192.69 OK
r-patched-solaris-x86 2.9.0 318.10 OK
r-release-linux-x86_64 2.9.0 24.32 164.15 188.47 OK
r-release-macos-arm64 2.9.0 OK
r-release-macos-x86_64 2.9.0 OK
r-release-windows-ix86+x86_64 2.9.0 77.00 213.00 290.00 OK
r-oldrel-macos-x86_64 2.9.0 OK
r-oldrel-windows-ix86+x86_64 2.9.0 56.00 205.00 261.00 OK

Check Details

Version: 2.9.0
Check: whether package can be installed
Result: ERROR
    Installation failed.
Flavor: r-devel-windows-x86_64-gcc10-UCRT