Last updated on 2024-04-18 08:54:28 CEST.
Flavor | Version | Tinstall | Tcheck | Ttotal | Status | Flags |
---|---|---|---|---|---|---|
r-devel-linux-x86_64-debian-clang | 0.5 | 10.41 | 139.70 | 150.11 | OK | |
r-devel-linux-x86_64-debian-gcc | 0.5 | 10.42 | 101.03 | 111.45 | OK | |
r-devel-linux-x86_64-fedora-clang | 0.5 | 192.57 | NOTE | |||
r-devel-linux-x86_64-fedora-gcc | 0.5 | 191.60 | OK | |||
r-prerel-macos-arm64 | 0.5 | 60.00 | OK | |||
r-prerel-windows-x86_64 | 0.5 | 12.00 | 115.00 | 127.00 | OK | |
r-patched-linux-x86_64 | 0.5 | 8.83 | 130.58 | 139.41 | OK | |
r-release-linux-x86_64 | 0.5 | 8.23 | 133.02 | 141.25 | OK | |
r-release-macos-arm64 | 0.5 | 68.00 | OK | |||
r-release-macos-x86_64 | 0.5 | 102.00 | NOTE | |||
r-release-windows-x86_64 | 0.5 | 16.00 | 139.00 | 155.00 | OK | |
r-oldrel-macos-arm64 | 0.5 | 60.00 | OK | |||
r-oldrel-windows-x86_64 | 0.5 | 17.00 | 153.00 | 170.00 | OK |
Version: 0.5
Check: Rd cross-references
Result: NOTE
Undeclared package ‘eRm’ in Rd xrefs
Flavor: r-devel-linux-x86_64-fedora-clang
Version: 0.5
Check: Rd cross-references
Result: NOTE
Package unavailable to check Rd xrefs: ‘eRm’
Flavor: r-release-macos-x86_64