Last updated on 2025-01-20 08:48:24 CET.
Flavor | Version | Tinstall | Tcheck | Ttotal | Status | Flags |
---|---|---|---|---|---|---|
r-devel-linux-x86_64-debian-clang | 0.3.2 | 2.84 | 25.41 | 28.25 | NOTE | |
r-devel-linux-x86_64-debian-gcc | 0.3.2 | 2.15 | 20.36 | 22.51 | NOTE | |
r-devel-linux-x86_64-fedora-clang | 0.3.2 | 45.39 | NOTE | |||
r-devel-linux-x86_64-fedora-gcc | 0.3.2 | 45.38 | NOTE | |||
r-devel-windows-x86_64 | 0.3.2 | 6.00 | 49.00 | 55.00 | NOTE | |
r-patched-linux-x86_64 | 0.3.2 | 2.47 | 24.41 | 26.88 | OK | |
r-release-linux-x86_64 | 0.3.2 | 3.99 | 24.43 | 28.42 | OK | |
r-release-macos-arm64 | 0.3.2 | 19.00 | OK | |||
r-release-macos-x86_64 | 0.3.2 | 27.00 | OK | |||
r-release-windows-x86_64 | 0.3.2 | 7.00 | 48.00 | 55.00 | OK | |
r-oldrel-macos-arm64 | 0.3.2 | 21.00 | OK | |||
r-oldrel-macos-x86_64 | 0.3.2 | 29.00 | OK | |||
r-oldrel-windows-x86_64 | 0.3.2 | 7.00 | 51.00 | 58.00 | OK |
Version: 0.3.2
Check: compiled code
Result: NOTE
File ‘ellipsis/libs/ellipsis.so’:
Found non-API calls to R: ‘PRVALUE’, ‘Rf_findVarInFrame3’
Compiled code should not call non-API entry points in R.
See ‘Writing portable packages’ in the ‘Writing R Extensions’ manual,
and section ‘Moving into C API compliance’ for issues with the use of
non-API entry points.
Flavors: r-devel-linux-x86_64-debian-clang, r-devel-linux-x86_64-debian-gcc, r-devel-linux-x86_64-fedora-clang, r-devel-linux-x86_64-fedora-gcc
Version: 0.3.2
Check: compiled code
Result: NOTE
File 'ellipsis/libs/x64/ellipsis.dll':
Found non-API calls to R: 'PRVALUE', 'Rf_findVarInFrame3'
Compiled code should not call non-API entry points in R.
See 'Writing portable packages' in the 'Writing R Extensions' manual,
and section 'Moving into C API compliance' for issues with the use of
non-API entry points.
Flavor: r-devel-windows-x86_64