Last updated on 2024-04-23 08:57:50 CEST.
Flavor | Version | Tinstall | Tcheck | Ttotal | Status | Flags |
---|---|---|---|---|---|---|
r-devel-linux-x86_64-debian-clang | 3.0.2 | 63.55 | 60.92 | 124.47 | NOTE | |
r-devel-linux-x86_64-debian-gcc | 3.0.2 | 46.79 | 44.93 | 91.72 | NOTE | |
r-devel-linux-x86_64-fedora-clang | 3.0.2 | 182.73 | NOTE | |||
r-devel-linux-x86_64-fedora-gcc | 3.0.2 | 182.45 | NOTE | |||
r-prerel-macos-arm64 | 3.0.2 | 45.00 | NOTE | |||
r-prerel-windows-x86_64 | 3.0.2 | 53.00 | 87.00 | 140.00 | NOTE | |
r-patched-linux-x86_64 | 3.0.2 | 60.13 | 58.33 | 118.46 | NOTE | |
r-release-linux-x86_64 | 3.0.2 | 65.42 | 55.68 | 121.10 | OK | |
r-release-macos-arm64 | 3.0.2 | 50.00 | OK | |||
r-release-macos-x86_64 | 3.0.2 | 99.00 | OK | |||
r-release-windows-x86_64 | 3.0.2 | 62.00 | 97.00 | 159.00 | OK | |
r-oldrel-macos-arm64 | 3.0.2 | 44.00 | OK | |||
r-oldrel-windows-x86_64 | 3.0.2 | 58.00 | 95.00 | 153.00 | OK |
Version: 3.0.2
Check: Rd files
Result: NOTE
checkRd: (-1) elo.run.Rd:80: Lost braces
80 | \code{\link{score}}, \link{elo.run.helpers}{elo.run helpers}, \code{\link{elo.calc}},
| ^
Flavors: r-devel-linux-x86_64-debian-clang, r-devel-linux-x86_64-debian-gcc, r-devel-linux-x86_64-fedora-clang, r-devel-linux-x86_64-fedora-gcc, r-prerel-macos-arm64, r-prerel-windows-x86_64, r-patched-linux-x86_64