Last updated on 2024-04-18 08:54:28 CEST.
Flavor | Version | Tinstall | Tcheck | Ttotal | Status | Flags |
---|---|---|---|---|---|---|
r-devel-linux-x86_64-debian-clang | 1.1-28 | 39.15 | 327.19 | 366.34 | OK | |
r-devel-linux-x86_64-debian-gcc | 1.1-28 | 30.95 | 234.58 | 265.53 | OK | |
r-devel-linux-x86_64-fedora-clang | 1.1-28 | 446.64 | NOTE | |||
r-devel-linux-x86_64-fedora-gcc | 1.1-28 | 438.67 | NOTE | |||
r-prerel-macos-arm64 | 1.1-28 | 101.00 | OK | |||
r-prerel-windows-x86_64 | 1.1-28 | 36.00 | 201.00 | 237.00 | OK | |
r-patched-linux-x86_64 | 1.1-28 | 38.36 | 307.99 | 346.35 | OK | |
r-release-linux-x86_64 | 1.1-28 | 40.37 | 313.32 | 353.69 | OK | |
r-release-macos-arm64 | 1.1-28 | 108.00 | OK | |||
r-release-macos-x86_64 | 1.1-28 | 201.00 | OK | |||
r-release-windows-x86_64 | 1.1-28 | 48.00 | 273.00 | 321.00 | OK | |
r-oldrel-macos-arm64 | 1.1-28 | 98.00 | OK | |||
r-oldrel-windows-x86_64 | 1.1-28 | 51.00 | 258.00 | 309.00 | OK |
Version: 1.1-28
Check: compiled code
Result: NOTE
File ‘elsa/libs/elsa.so’:
Found no calls to: ‘R_registerRoutines’, ‘R_useDynamicSymbols’
It is good practice to register native routines and to disable symbol
search.
See ‘Writing portable packages’ in the ‘Writing R Extensions’ manual.
Flavors: r-devel-linux-x86_64-fedora-clang, r-devel-linux-x86_64-fedora-gcc