Last updated on 2024-03-12 07:49:52 CET.
Flavor | Version | Tinstall | Tcheck | Ttotal | Status | Flags |
---|---|---|---|---|---|---|
r-devel-linux-x86_64-debian-clang | 1.1.3 | 18.43 | 255.94 | 274.37 | OK | |
r-devel-linux-x86_64-debian-gcc | 1.1.3 | 13.58 | 202.81 | 216.39 | OK | |
r-devel-linux-x86_64-fedora-clang | 1.1.3 | 338.94 | NOTE | |||
r-devel-linux-x86_64-fedora-gcc | 1.1.3 | 350.76 | OK | |||
r-devel-windows-x86_64 | 1.1.3 | 16.00 | 277.00 | 293.00 | OK | |
r-patched-linux-x86_64 | 1.1.3 | 20.90 | 210.70 | 231.60 | NOTE | |
r-release-linux-x86_64 | 1.1.3 | 15.84 | 208.90 | 224.74 | NOTE | |
r-release-macos-arm64 | 1.1.3 | 123.00 | OK | |||
r-release-macos-x86_64 | 1.1.3 | 223.00 | OK | |||
r-release-windows-x86_64 | 1.1.3 | 21.00 | 301.00 | 322.00 | OK | |
r-oldrel-macos-arm64 | 1.1.3 | 104.00 | OK | |||
r-oldrel-windows-x86_64 | 1.1.3 | 20.00 | 297.00 | 317.00 | OK |
Version: 1.1.3
Check: Rd cross-references
Result: NOTE
Undeclared package ‘textrecipes’ in Rd xrefs
Flavor: r-devel-linux-x86_64-fedora-clang
Version: 1.1.3
Check: package dependencies
Result: NOTE
Package suggested but not available for checking: ‘rstanarm’
Flavors: r-patched-linux-x86_64, r-release-linux-x86_64