Last updated on 2024-03-12 07:49:52 CET.
Flavor | Version | Tinstall | Tcheck | Ttotal | Status | Flags |
---|---|---|---|---|---|---|
r-devel-linux-x86_64-debian-clang | 1.3.13 | 12.12 | 97.70 | 109.82 | NOTE | |
r-devel-linux-x86_64-debian-gcc | 1.3.13 | 7.68 | 75.06 | 82.74 | NOTE | |
r-devel-linux-x86_64-fedora-clang | 1.3.13 | 132.14 | NOTE | |||
r-devel-linux-x86_64-fedora-gcc | 1.3.13 | 129.93 | NOTE | |||
r-devel-windows-x86_64 | 1.3.13 | 10.00 | 96.00 | 106.00 | NOTE | |
r-patched-linux-x86_64 | 1.3.13 | 14.52 | 96.84 | 111.36 | OK | |
r-release-linux-x86_64 | 1.3.13 | 11.83 | 97.23 | 109.06 | OK | |
r-release-macos-arm64 | 1.3.13 | 41.00 | OK | |||
r-release-macos-x86_64 | 1.3.13 | 105.00 | OK | |||
r-release-windows-x86_64 | 1.3.13 | 12.00 | 108.00 | 120.00 | OK | |
r-oldrel-macos-arm64 | 1.3.13 | 40.00 | OK | |||
r-oldrel-windows-x86_64 | 1.3.13 | 13.00 | 114.00 | 127.00 | OK |
Version: 1.3.13
Check: Rd files
Result: NOTE
checkRd: (-1) NEWS.Rd:194: Lost braces; missing escapes or markup?
194 | \item added {d,r}betabinom
| ^
Flavors: r-devel-linux-x86_64-debian-clang, r-devel-linux-x86_64-debian-gcc, r-devel-linux-x86_64-fedora-clang, r-devel-linux-x86_64-fedora-gcc, r-devel-windows-x86_64