Last updated on 2024-04-25 07:59:51 CEST.
Flavor | Version | Tinstall | Tcheck | Ttotal | Status | Flags |
---|---|---|---|---|---|---|
r-devel-linux-x86_64-debian-clang | 0.5.5 | 5.87 | 61.97 | 67.84 | OK | |
r-devel-linux-x86_64-debian-gcc | 0.5.5 | 4.18 | 46.76 | 50.94 | OK | |
r-devel-linux-x86_64-fedora-clang | 0.5.5 | 84.50 | NOTE | |||
r-devel-linux-x86_64-fedora-gcc | 0.5.5 | 92.60 | OK | |||
r-devel-windows-x86_64 | 0.5.5 | 8.00 | 69.00 | 77.00 | NOTE | |
r-patched-linux-x86_64 | 0.5.5 | 6.34 | 59.09 | 65.43 | OK | |
r-release-linux-x86_64 | 0.5.5 | 4.15 | 56.72 | 60.87 | OK | |
r-release-macos-arm64 | 0.5.5 | 36.00 | NOTE | |||
r-release-windows-x86_64 | 0.5.5 | 8.00 | 69.00 | 77.00 | NOTE | |
r-oldrel-macos-arm64 | 0.5.5 | 34.00 | NOTE | |||
r-oldrel-macos-x86_64 | 0.5.5 | 52.00 | NOTE | |||
r-oldrel-windows-x86_64 | 0.5.5 | 10.00 | 75.00 | 85.00 | NOTE |
Version: 0.5.5
Check: installed package size
Result: NOTE
installed size is 7.0Mb
sub-directories of 1Mb or more:
emoji_fonts 6.5Mb
Flavors: r-devel-linux-x86_64-fedora-clang, r-devel-windows-x86_64, r-release-macos-arm64, r-release-windows-x86_64, r-oldrel-macos-arm64, r-oldrel-macos-x86_64, r-oldrel-windows-x86_64