Last updated on 2024-03-12 07:49:52 CET.
Flavor | Version | Tinstall | Tcheck | Ttotal | Status | Flags |
---|---|---|---|---|---|---|
r-devel-linux-x86_64-debian-clang | 1.3-1 | 15.44 | 120.81 | 136.25 | NOTE | |
r-devel-linux-x86_64-debian-gcc | 1.3-1 | 10.71 | 92.33 | 103.04 | NOTE | |
r-devel-linux-x86_64-fedora-clang | 1.3-1 | 164.27 | NOTE | |||
r-devel-linux-x86_64-fedora-gcc | 1.3-1 | 158.85 | NOTE | |||
r-devel-windows-x86_64 | 1.3-1 | 14.00 | 111.00 | 125.00 | NOTE | |
r-patched-linux-x86_64 | 1.3-1 | 14.49 | 120.48 | 134.97 | OK | |
r-release-linux-x86_64 | 1.3-1 | 11.63 | 120.13 | 131.76 | OK | |
r-release-macos-arm64 | 1.3-1 | 57.00 | OK | |||
r-release-macos-x86_64 | 1.3-1 | 107.00 | OK | |||
r-release-windows-x86_64 | 1.3-1 | 18.00 | 129.00 | 147.00 | OK | |
r-oldrel-macos-arm64 | 1.3-1 | 50.00 | OK | |||
r-oldrel-windows-x86_64 | 1.3-1 | 18.00 | 134.00 | 152.00 | OK |
Version: 1.3-1
Check: Rd files
Result: NOTE
checkRd: (-1) WRegTest.Rd:43: Lost braces
43 | For ordinary least squares estimator, \code{psifun} should be the identity function psifun <- function(t){t}.
| ^
Flavors: r-devel-linux-x86_64-debian-clang, r-devel-linux-x86_64-debian-gcc, r-devel-linux-x86_64-fedora-clang, r-devel-linux-x86_64-fedora-gcc, r-devel-windows-x86_64