Last updated on 2024-04-19 08:54:38 CEST.
Flavor | Version | Tinstall | Tcheck | Ttotal | Status | Flags |
---|---|---|---|---|---|---|
r-devel-linux-x86_64-debian-clang | 1.1.0 | 13.45 | 111.73 | 125.18 | NOTE | |
r-devel-linux-x86_64-debian-gcc | 1.1.0 | NOTE | ||||
r-devel-linux-x86_64-fedora-clang | 1.1.0 | 161.73 | NOTE | |||
r-devel-linux-x86_64-fedora-gcc | 1.1.0 | 148.84 | NOTE | |||
r-prerel-macos-arm64 | 1.1.0 | 46.00 | NOTE | |||
r-prerel-windows-x86_64 | 1.1.0 | 14.00 | 94.00 | 108.00 | NOTE | |
r-patched-linux-x86_64 | 1.1.0 | 13.40 | 104.82 | 118.22 | NOTE | |
r-release-linux-x86_64 | 1.1.0 | 17.60 | 110.08 | 127.68 | OK | |
r-release-macos-arm64 | 1.1.0 | 51.00 | OK | |||
r-release-macos-x86_64 | 1.1.0 | 76.00 | OK | |||
r-release-windows-x86_64 | 1.1.0 | 18.00 | 116.00 | 134.00 | OK | |
r-oldrel-macos-arm64 | 1.1.0 | 54.00 | OK | |||
r-oldrel-windows-x86_64 | 1.1.0 | 19.00 | 117.00 | 136.00 | OK |
Version: 1.1.0
Check: Rd files
Result: NOTE
checkRd: (-1) enetLTS-package.Rd:41: Lost braces; missing escapes or markup?
41 | \code{family="binomial"} should be a factor with two levels which is coded as \code{0} and {1}.
| ^
Flavors: r-devel-linux-x86_64-debian-clang, r-devel-linux-x86_64-debian-gcc, r-devel-linux-x86_64-fedora-clang, r-devel-linux-x86_64-fedora-gcc, r-prerel-macos-arm64, r-prerel-windows-x86_64, r-patched-linux-x86_64