Last updated on 2024-04-23 08:57:50 CEST.
Flavor | Version | Tinstall | Tcheck | Ttotal | Status | Flags |
---|---|---|---|---|---|---|
r-devel-linux-x86_64-debian-clang | 1.0.0 | 5.91 | 142.40 | 148.31 | OK | |
r-devel-linux-x86_64-debian-gcc | 1.0.0 | 5.92 | 111.12 | 117.04 | OK | |
r-devel-linux-x86_64-fedora-clang | 1.0.0 | 184.19 | NOTE | |||
r-devel-linux-x86_64-fedora-gcc | 1.0.0 | 190.23 | NOTE | |||
r-prerel-macos-arm64 | 1.0.0 | 102.00 | OK | |||
r-prerel-windows-x86_64 | 1.0.0 | 9.00 | 141.00 | 150.00 | OK | |
r-patched-linux-x86_64 | 1.0.0 | 6.97 | 138.62 | 145.59 | OK | |
r-release-linux-x86_64 | 1.0.0 | 4.58 | 137.04 | 141.62 | OK | |
r-release-macos-arm64 | 1.0.0 | 137.00 | OK | |||
r-release-macos-x86_64 | 1.0.0 | 188.00 | OK | |||
r-release-windows-x86_64 | 1.0.0 | 11.00 | 164.00 | 175.00 | OK | |
r-oldrel-macos-arm64 | 1.0.0 | 117.00 | OK | |||
r-oldrel-windows-x86_64 | 1.0.0 | 11.00 | 168.00 | 179.00 | OK |
Version: 1.0.0
Check: data for non-ASCII characters
Result: NOTE
Note: found 1 marked Latin-1 string
Note: found 1508 marked UTF-8 strings
Flavors: r-devel-linux-x86_64-fedora-clang, r-devel-linux-x86_64-fedora-gcc