Last updated on 2024-03-12 07:49:52 CET.
Flavor | Version | Tinstall | Tcheck | Ttotal | Status | Flags |
---|---|---|---|---|---|---|
r-devel-linux-x86_64-debian-clang | 0.4.0 | 7.26 | 56.74 | 64.00 | OK | |
r-devel-linux-x86_64-debian-gcc | 0.4.0 | 5.33 | 44.27 | 49.60 | OK | |
r-devel-linux-x86_64-fedora-clang | 0.4.0 | 82.07 | NOTE | |||
r-devel-linux-x86_64-fedora-gcc | 0.4.0 | 76.48 | NOTE | |||
r-devel-windows-x86_64 | 0.4.0 | 8.00 | 85.00 | 93.00 | OK | |
r-patched-linux-x86_64 | 0.4.0 | 4.44 | 56.16 | 60.60 | OK | |
r-release-linux-x86_64 | 0.4.0 | 5.01 | 54.91 | 59.92 | OK | |
r-release-macos-arm64 | 0.4.0 | 50.00 | OK | |||
r-release-macos-x86_64 | 0.4.0 | 62.00 | OK | |||
r-release-windows-x86_64 | 0.4.0 | 10.00 | 88.00 | 98.00 | OK | |
r-oldrel-macos-arm64 | 0.4.0 | 178.00 | NOTE | |||
r-oldrel-windows-x86_64 | 0.4.0 | 10.00 | 92.00 | 102.00 | OK |
Version: 0.4.0
Check: dependencies in R code
Result: NOTE
Namespace in Imports field not imported from: ‘tinytest’
All declared Imports should be used.
Flavors: r-devel-linux-x86_64-fedora-clang, r-devel-linux-x86_64-fedora-gcc, r-oldrel-macos-arm64