CRAN Package Check Results for Package eponge

Last updated on 2024-04-21 08:53:37 CEST.

Flavor Version Tinstall Tcheck Ttotal Status Flags
r-devel-linux-x86_64-debian-clang 0.1.0 2.36 29.33 31.69 NOTE
r-devel-linux-x86_64-debian-gcc 0.1.0 1.89 22.39 24.28 NOTE
r-devel-linux-x86_64-fedora-clang 0.1.0 40.07 NOTE
r-devel-linux-x86_64-fedora-gcc 0.1.0 37.81 NOTE
r-prerel-macos-arm64 0.1.0 17.00 NOTE
r-prerel-windows-x86_64 0.1.0 5.00 45.00 50.00 NOTE
r-patched-linux-x86_64 0.1.0 2.90 27.93 30.83 NOTE
r-release-linux-x86_64 0.1.0 2.69 27.41 30.10 NOTE
r-release-macos-arm64 0.1.0 19.00 NOTE
r-release-macos-x86_64 0.1.0 25.00 NOTE
r-release-windows-x86_64 0.1.0 5.00 45.00 50.00 NOTE
r-oldrel-macos-arm64 0.1.0 19.00 NOTE
r-oldrel-windows-x86_64 0.1.0 5.00 51.00 56.00 NOTE

Check Details

Version: 0.1.0
Check: LazyData
Result: NOTE 'LazyData' is specified without a 'data' directory Flavors: r-devel-linux-x86_64-debian-clang, r-devel-linux-x86_64-debian-gcc, r-devel-linux-x86_64-fedora-clang, r-devel-linux-x86_64-fedora-gcc, r-prerel-macos-arm64, r-prerel-windows-x86_64, r-patched-linux-x86_64, r-release-linux-x86_64, r-release-macos-arm64, r-release-macos-x86_64, r-release-windows-x86_64, r-oldrel-macos-arm64, r-oldrel-windows-x86_64