CRAN Package Check Results for Package equivalenceTest

Last updated on 2023-02-08 07:54:27 CET.

Flavor Version Tinstall Tcheck Ttotal Status Flags
r-devel-linux-x86_64-debian-clang 0.0.1.1 2.58 28.04 30.62 NOTE
r-devel-linux-x86_64-debian-gcc 0.0.1.1 2.13 21.24 23.37 NOTE
r-devel-linux-x86_64-fedora-clang 0.0.1.1 37.94 NOTE
r-devel-linux-x86_64-fedora-gcc 0.0.1.1 36.16 NOTE
r-devel-windows-x86_64 0.0.1.1 30.00 53.00 83.00 NOTE
r-patched-linux-x86_64 0.0.1.1 2.95 26.46 29.41 NOTE
r-release-linux-x86_64 0.0.1.1 2.51 26.30 28.81 NOTE
r-release-macos-arm64 0.0.1.1 18.00 NOTE
r-release-macos-x86_64 0.0.1.1 24.00 NOTE
r-release-windows-x86_64 0.0.1.1 5.00 56.00 61.00 NOTE
r-oldrel-macos-arm64 0.0.1.1 20.00 NOTE
r-oldrel-macos-x86_64 0.0.1.1 28.00 NOTE
r-oldrel-windows-ix86+x86_64 0.0.1.1 5.00 48.00 53.00 NOTE

Check Details

Version: 0.0.1.1
Check: LazyData
Result: NOTE
     'LazyData' is specified without a 'data' directory
Flavors: r-devel-linux-x86_64-debian-clang, r-devel-linux-x86_64-debian-gcc, r-devel-linux-x86_64-fedora-clang, r-devel-linux-x86_64-fedora-gcc, r-devel-windows-x86_64, r-patched-linux-x86_64, r-release-linux-x86_64, r-release-macos-arm64, r-release-macos-x86_64, r-release-windows-x86_64, r-oldrel-macos-arm64, r-oldrel-macos-x86_64, r-oldrel-windows-ix86+x86_64

Version: 0.0.1.1
Check: dependencies in R code
Result: NOTE
    Namespaces in Imports field not imported from:
     ‘cubature’ ‘rootSolve’
     All declared Imports should be used.
Flavors: r-devel-linux-x86_64-fedora-clang, r-devel-linux-x86_64-fedora-gcc, r-release-macos-arm64, r-release-macos-x86_64, r-oldrel-macos-arm64, r-oldrel-macos-x86_64