Last updated on 2024-03-12 07:49:52 CET.
Flavor | Version | Tinstall | Tcheck | Ttotal | Status | Flags |
---|---|---|---|---|---|---|
r-devel-linux-x86_64-debian-clang | 1.2 | 16.19 | 109.65 | 125.84 | OK | |
r-devel-linux-x86_64-debian-gcc | 1.2 | 12.86 | 83.25 | 96.11 | OK | |
r-devel-linux-x86_64-fedora-clang | 1.2 | 155.37 | NOTE | |||
r-devel-linux-x86_64-fedora-gcc | 1.2 | 148.47 | OK | |||
r-devel-windows-x86_64 | 1.2 | 15.00 | 92.00 | 107.00 | OK | |
r-patched-linux-x86_64 | 1.2 | 15.56 | 106.83 | 122.39 | OK | |
r-release-linux-x86_64 | 1.2 | 16.39 | 107.98 | 124.37 | OK | |
r-release-macos-arm64 | 1.2 | 48.00 | OK | |||
r-release-macos-x86_64 | 1.2 | 100.00 | OK | |||
r-release-windows-x86_64 | 1.2 | 18.00 | 105.00 | 123.00 | OK | |
r-oldrel-macos-arm64 | 1.2 | 47.00 | OK | |||
r-oldrel-windows-x86_64 | 1.2 | 19.00 | 112.00 | 131.00 | OK |
Version: 1.2
Check: Rd cross-references
Result: NOTE
Undeclared package ‘margins’ in Rd xrefs
Flavor: r-devel-linux-x86_64-fedora-clang