Last updated on 2024-03-12 07:49:52 CET.
Flavor | Version | Tinstall | Tcheck | Ttotal | Status | Flags |
---|---|---|---|---|---|---|
r-devel-linux-x86_64-debian-clang | 0.3-1 | 134.80 | 247.74 | 382.54 | OK | |
r-devel-linux-x86_64-debian-gcc | 0.3-1 | 110.11 | 192.26 | 302.37 | OK | |
r-devel-linux-x86_64-fedora-clang | 0.3-1 | 510.15 | OK | |||
r-devel-linux-x86_64-fedora-gcc | 0.3-1 | 513.47 | OK | |||
r-devel-windows-x86_64 | 0.3-1 | 103.00 | 217.00 | 320.00 | OK | |
r-patched-linux-x86_64 | 0.3-1 | 131.52 | 248.97 | 380.49 | OK | |
r-release-linux-x86_64 | 0.3-1 | 137.35 | 245.53 | 382.88 | OK | |
r-release-macos-arm64 | 0.3-1 | 121.00 | NOTE | |||
r-release-macos-x86_64 | 0.3-1 | 326.00 | NOTE | |||
r-release-windows-x86_64 | 0.3-1 | 133.00 | 277.00 | 410.00 | OK | |
r-oldrel-macos-arm64 | 0.3-1 | 132.00 | NOTE | |||
r-oldrel-windows-x86_64 | 0.3-1 | 120.00 | 272.00 | 392.00 | OK |
Version: 0.3-1
Check: installed package size
Result: NOTE
installed size is 5.6Mb
sub-directories of 1Mb or more:
libs 4.2Mb
Flavors: r-release-macos-arm64, r-release-macos-x86_64, r-oldrel-macos-arm64