Last updated on 2024-04-17 08:57:30 CEST.
Flavor | Version | Tinstall | Tcheck | Ttotal | Status | Flags |
---|---|---|---|---|---|---|
r-devel-linux-x86_64-debian-clang | 0.0.3 | 36.45 | 31.64 | 68.09 | NOTE | |
r-devel-linux-x86_64-debian-gcc | 0.0.3 | 28.15 | 24.41 | 52.56 | NOTE | |
r-devel-linux-x86_64-fedora-clang | 0.0.3 | 100.68 | NOTE | |||
r-devel-linux-x86_64-fedora-gcc | 0.0.3 | 99.01 | NOTE | |||
r-prerel-macos-arm64 | 0.0.3 | 28.00 | NOTE | |||
r-prerel-windows-x86_64 | 0.0.3 | 31.00 | 65.00 | 96.00 | NOTE | |
r-patched-linux-x86_64 | 0.0.3 | 40.77 | 30.80 | 71.57 | NOTE | |
r-release-linux-x86_64 | 0.0.3 | 40.30 | 30.20 | 70.50 | NOTE | |
r-release-macos-arm64 | 0.0.3 | 29.00 | NOTE | |||
r-release-macos-x86_64 | 0.0.3 | 47.00 | NOTE | |||
r-release-windows-x86_64 | 0.0.3 | 39.00 | 107.00 | 146.00 | NOTE | |
r-oldrel-macos-arm64 | 0.0.3 | 29.00 | NOTE | |||
r-oldrel-windows-x86_64 | 0.0.3 | 36.00 | 71.00 | 107.00 | NOTE |
Version: 0.0.3
Check: C++ specification
Result: NOTE
Specified C++11: please drop specification unless essential
Flavors: r-devel-linux-x86_64-debian-clang, r-devel-linux-x86_64-debian-gcc, r-devel-linux-x86_64-fedora-clang, r-devel-linux-x86_64-fedora-gcc, r-prerel-macos-arm64, r-prerel-windows-x86_64, r-patched-linux-x86_64, r-release-linux-x86_64, r-release-macos-arm64, r-release-macos-x86_64, r-release-windows-x86_64
Version: 0.0.3
Check: LazyData
Result: NOTE
'LazyData' is specified without a 'data' directory
Flavors: r-devel-linux-x86_64-debian-clang, r-devel-linux-x86_64-debian-gcc, r-devel-linux-x86_64-fedora-clang, r-devel-linux-x86_64-fedora-gcc, r-prerel-macos-arm64, r-prerel-windows-x86_64, r-patched-linux-x86_64, r-release-linux-x86_64, r-release-macos-arm64, r-release-macos-x86_64, r-release-windows-x86_64, r-oldrel-macos-arm64, r-oldrel-windows-x86_64