Last updated on 2024-04-23 08:57:51 CEST.
Flavor | Version | Tinstall | Tcheck | Ttotal | Status | Flags |
---|---|---|---|---|---|---|
r-devel-linux-x86_64-debian-clang | 0.2.2 | 3.44 | 28.23 | 31.67 | NOTE | |
r-devel-linux-x86_64-debian-gcc | 0.2.2 | 2.51 | 20.92 | 23.43 | NOTE | |
r-devel-linux-x86_64-fedora-clang | 0.2.2 | 38.73 | NOTE | |||
r-devel-linux-x86_64-fedora-gcc | 0.2.2 | 36.98 | NOTE | |||
r-prerel-macos-arm64 | 0.2.2 | 18.00 | NOTE | |||
r-prerel-windows-x86_64 | 0.2.2 | 5.00 | 43.00 | 48.00 | NOTE | |
r-patched-linux-x86_64 | 0.2.2 | 3.50 | 26.17 | 29.67 | NOTE | |
r-release-linux-x86_64 | 0.2.2 | 3.33 | 27.26 | 30.59 | OK | |
r-release-macos-arm64 | 0.2.2 | 18.00 | OK | |||
r-release-macos-x86_64 | 0.2.2 | 22.00 | OK | |||
r-release-windows-x86_64 | 0.2.2 | 4.00 | 43.00 | 47.00 | OK | |
r-oldrel-macos-arm64 | 0.2.2 | 17.00 | OK | |||
r-oldrel-windows-x86_64 | 0.2.2 | 4.00 | 45.00 | 49.00 | OK |
Version: 0.2.2
Check: Rd files
Result: NOTE
checkRd: (-1) enp.Rd:30: Lost braces in \itemize; \value handles \item{}{} directly
checkRd: (-1) enp.Rd:31: Lost braces in \itemize; \value handles \item{}{} directly
checkRd: (-1) evolat.Rd:49: Lost braces in \itemize; \value handles \item{}{} directly
checkRd: (-1) evolat.Rd:50: Lost braces in \itemize; \value handles \item{}{} directly
checkRd: (-1) psns.Rd:37: Lost braces in \itemize; \value handles \item{}{} directly
checkRd: (-1) psns.Rd:38: Lost braces in \itemize; \value handles \item{}{} directly
Flavors: r-devel-linux-x86_64-debian-clang, r-devel-linux-x86_64-debian-gcc, r-devel-linux-x86_64-fedora-clang, r-devel-linux-x86_64-fedora-gcc, r-prerel-macos-arm64, r-prerel-windows-x86_64, r-patched-linux-x86_64