Last updated on 2024-03-12 07:49:52 CET.
Flavor | Version | Tinstall | Tcheck | Ttotal | Status | Flags |
---|---|---|---|---|---|---|
r-devel-linux-x86_64-debian-clang | 2.2.2 | 7.49 | 66.80 | 74.29 | WARN | |
r-devel-linux-x86_64-debian-gcc | 2.2.2 | 5.96 | 51.27 | 57.23 | OK | |
r-devel-linux-x86_64-fedora-clang | 2.2.2 | 96.92 | OK | |||
r-devel-linux-x86_64-fedora-gcc | 2.2.2 | 92.25 | OK | |||
r-devel-windows-x86_64 | 2.2.2 | 11.00 | 78.00 | 89.00 | OK | |
r-patched-linux-x86_64 | 2.2.2 | 10.83 | 66.49 | 77.32 | OK | |
r-release-linux-x86_64 | 2.2.2 | 10.33 | 67.25 | 77.58 | OK | |
r-release-macos-arm64 | 2.2.2 | 40.00 | OK | |||
r-release-macos-x86_64 | 2.2.2 | 80.00 | OK | |||
r-release-windows-x86_64 | 2.2.2 | 14.00 | 82.00 | 96.00 | OK | |
r-oldrel-macos-arm64 | 2.2.2 | 34.00 | OK | |||
r-oldrel-windows-x86_64 | 2.2.2 | 13.00 | 81.00 | 94.00 | OK |
Version: 2.2.2
Check: whether package can be installed
Result: WARN
Found the following significant warnings:
flang-new: warning: argument unused during compilation: '-Wall' [-Wunused-command-line-argument]
See ‘/home/hornik/tmp/R.check/r-devel-clang/Work/PKGS/etasFLP.Rcheck/00install.out’ for details.
* used C compiler: ‘Debian clang version 18.1.0 (rc4-1)’
* used Fortran compiler: ‘Debian flang-new version 18.1.0 (rc4-1)’
Flavor: r-devel-linux-x86_64-debian-clang