Last updated on 2024-04-23 08:57:51 CEST.
Flavor | Version | Tinstall | Tcheck | Ttotal | Status | Flags |
---|---|---|---|---|---|---|
r-devel-linux-x86_64-debian-clang | 0.1 | 1.94 | 22.19 | 24.13 | NOTE | |
r-devel-linux-x86_64-debian-gcc | 0.1 | 1.54 | 17.15 | 18.69 | NOTE | |
r-devel-linux-x86_64-fedora-clang | 0.1 | 30.26 | NOTE | |||
r-devel-linux-x86_64-fedora-gcc | 0.1 | 29.19 | NOTE | |||
r-prerel-macos-arm64 | 0.1 | 15.00 | NOTE | |||
r-prerel-windows-x86_64 | 0.1 | 2.00 | 39.00 | 41.00 | NOTE | |
r-patched-linux-x86_64 | 0.1 | 1.51 | 22.03 | 23.54 | NOTE | |
r-release-linux-x86_64 | 0.1 | 1.68 | 21.82 | 23.50 | NOTE | |
r-release-macos-arm64 | 0.1 | 16.00 | NOTE | |||
r-release-macos-x86_64 | 0.1 | 20.00 | NOTE | |||
r-release-windows-x86_64 | 0.1 | 3.00 | 38.00 | 41.00 | NOTE | |
r-oldrel-macos-arm64 | 0.1 | 17.00 | NOTE | |||
r-oldrel-windows-x86_64 | 0.1 | 3.00 | 43.00 | 46.00 | NOTE |
Version: 0.1
Check: LazyData
Result: NOTE
'LazyData' is specified without a 'data' directory
Flavors: r-devel-linux-x86_64-debian-clang, r-devel-linux-x86_64-debian-gcc, r-devel-linux-x86_64-fedora-clang, r-devel-linux-x86_64-fedora-gcc, r-prerel-macos-arm64, r-prerel-windows-x86_64, r-patched-linux-x86_64, r-release-linux-x86_64, r-release-macos-arm64, r-release-macos-x86_64, r-release-windows-x86_64, r-oldrel-macos-arm64, r-oldrel-windows-x86_64