Last updated on 2024-08-31 08:48:11 CEST.
Flavor | Version | Tinstall | Tcheck | Ttotal | Status | Flags |
---|---|---|---|---|---|---|
r-devel-linux-x86_64-debian-clang | 2.0.0 | 8.21 | 85.19 | 93.40 | NOTE | |
r-devel-linux-x86_64-debian-gcc | 2.0.0 | 6.41 | 61.56 | 67.97 | NOTE | |
r-devel-linux-x86_64-fedora-clang | 2.0.0 | 150.24 | OK | |||
r-devel-linux-x86_64-fedora-gcc | 2.0.0 | 161.21 | OK | |||
r-devel-windows-x86_64 | 2.0.0 | 10.00 | 97.00 | 107.00 | NOTE | |
r-patched-linux-x86_64 | 2.0.0 | 10.67 | 80.02 | 90.69 | OK | |
r-release-linux-x86_64 | 2.0.0 | 7.96 | 81.22 | 89.18 | OK | |
r-release-macos-arm64 | 2.0.0 | 46.00 | OK | |||
r-release-macos-x86_64 | 2.0.0 | 73.00 | OK | |||
r-release-windows-x86_64 | 2.0.0 | 12.00 | 109.00 | 121.00 | OK | |
r-oldrel-macos-arm64 | 2.0.0 | 58.00 | OK | |||
r-oldrel-macos-x86_64 | 2.0.0 | 80.00 | OK | |||
r-oldrel-windows-x86_64 | 2.0.0 | 13.00 | 116.00 | 129.00 | OK |
Version: 2.0.0
Check: Rd cross-references
Result: NOTE
Found the following Rd file(s) with Rd \link{} targets missing package
anchors:
Almer.Rd: lme4, lmer, merMod
Almer_SE.Rd: lmer, merMod
Almer_sim.Rd: simulate.merMod
rate_gls.Rd: phylo
simulate_rate.Rd: phylo
Please provide package anchors for all Rd \link{} targets not in the
package itself and the base packages.
Flavors: r-devel-linux-x86_64-debian-clang, r-devel-linux-x86_64-debian-gcc, r-devel-windows-x86_64