CRAN Package Check Results for Package evt0

Last updated on 2021-05-09 08:50:16 CEST.

Flavor Version Tinstall Tcheck Ttotal Status Flags
r-devel-linux-x86_64-debian-clang 1.1-3 2.59 27.21 29.80 NOTE
r-devel-linux-x86_64-debian-gcc 1.1-3 2.38 21.57 23.95 NOTE
r-devel-linux-x86_64-fedora-clang 1.1-3 47.08 NOTE
r-devel-linux-x86_64-fedora-gcc 1.1-3 36.61 NOTE
r-devel-windows-x86_64-gcc10-UCRT 1.1-3 NOTE
r-patched-linux-x86_64 1.1-3 3.21 26.91 30.12 NOTE
r-patched-solaris-x86 1.1-3 55.90 NOTE
r-release-linux-x86_64 1.1-3 3.04 26.48 29.52 NOTE
r-release-macos-x86_64 1.1-3 NOTE
r-release-windows-ix86+x86_64 1.1-3 5.00 35.00 40.00 NOTE
r-oldrel-macos-x86_64 1.1-3 NOTE
r-oldrel-windows-ix86+x86_64 1.1-3 5.00 32.00 37.00 NOTE

Check Details

Version: 1.1-3
Check: dependencies in R code
Result: NOTE
    Package in Depends field not imported from: 'evd'
     These packages need to be imported from (in the NAMESPACE file)
     for when this namespace is loaded but not attached.
Flavors: r-devel-linux-x86_64-debian-clang, r-devel-linux-x86_64-debian-gcc, r-devel-linux-x86_64-fedora-clang, r-devel-linux-x86_64-fedora-gcc, r-devel-windows-x86_64-gcc10-UCRT, r-patched-linux-x86_64, r-patched-solaris-x86, r-release-linux-x86_64, r-release-macos-x86_64, r-release-windows-ix86+x86_64, r-oldrel-macos-x86_64, r-oldrel-windows-ix86+x86_64

Version: 1.1-3
Check: R code for possible problems
Result: NOTE
    DPOT: no visible global function definition for 'optim'
    mop.rho: no visible global function definition for 'median'
    Undefined global functions or variables:
     median optim
    Consider adding
     importFrom("stats", "median", "optim")
    to your NAMESPACE file.
Flavors: r-devel-linux-x86_64-debian-clang, r-devel-linux-x86_64-debian-gcc, r-devel-linux-x86_64-fedora-clang, r-devel-linux-x86_64-fedora-gcc, r-devel-windows-x86_64-gcc10-UCRT, r-patched-linux-x86_64, r-patched-solaris-x86, r-release-linux-x86_64, r-release-macos-x86_64, r-release-windows-ix86+x86_64, r-oldrel-macos-x86_64, r-oldrel-windows-ix86+x86_64