CRAN Package Check Results for Package exact2x2

Last updated on 2021-09-20 08:50:14 CEST.

Flavor Version Tinstall Tcheck Ttotal Status Flags
r-devel-linux-x86_64-debian-clang 1.6.5 8.90 102.01 110.91 OK
r-devel-linux-x86_64-debian-gcc 1.6.5 5.61 75.99 81.60 OK
r-devel-linux-x86_64-fedora-clang 1.6.5 138.08 OK
r-devel-linux-x86_64-fedora-gcc 1.6.5 127.60 OK
r-devel-windows-x86_64 1.6.5 10.00 90.00 100.00 OK
r-devel-windows-x86_64-gcc10-UCRT 1.6.5 ERROR
r-patched-linux-x86_64 1.6.5 13.08 99.74 112.82 OK
r-patched-solaris-x86 1.6.5 179.80 OK
r-release-linux-x86_64 1.6.5 7.84 99.82 107.66 OK
r-release-macos-arm64 1.6.5 OK
r-release-macos-x86_64 1.6.5 OK
r-release-windows-ix86+x86_64 1.6.5 15.00 92.00 107.00 OK
r-oldrel-macos-x86_64 1.6.5 OK
r-oldrel-windows-ix86+x86_64 1.6.5 14.00 94.00 108.00 OK

Check Details

Version: 1.6.5
Check: whether package can be installed
Result: WARN
    Found the following significant warnings:
     WARNING: installation-time patches will not be applied, could not get the patches index
Flavor: r-devel-windows-x86_64-gcc10-UCRT

Version: 1.6.5
Check: PDF version of manual
Result: WARN
    LaTeX errors when creating PDF version.
    This typically indicates Rd problems.
Flavor: r-devel-windows-x86_64-gcc10-UCRT

Version: 1.6.5
Check: PDF version of manual without hyperrefs or index
Result: ERROR
    Re-running with no redirection of stdout/stderr.
Flavor: r-devel-windows-x86_64-gcc10-UCRT